{"id":2252,"date":"2022-09-27T18:00:54","date_gmt":"2022-09-27T16:00:54","guid":{"rendered":"http:\/\/www.vogtlandwandern.de\/neu2017\/?post_type=event&#038;p=2252"},"modified":"2024-11-17T14:59:31","modified_gmt":"2024-11-17T13:59:31","slug":"wege-warte-treffen-2025","status":"publish","type":"event","link":"https:\/\/www.vogtlandwandern.de\/neu2017\/event\/wege-warte-treffen-2025\/","title":{"rendered":"Ausbildung Wege-Warte 2025"},"content":{"rendered":"<p><span style=\"color: #000000;\"><em><strong>Ausbildung Wege-Warte<\/strong><\/em><\/span><\/p>\n<p>Termin: <strong>Fr, 17. &#8211; So, 19.10.2025<br \/><\/strong>Ort:<strong> Waldpark Gr\u00fcnheide <\/strong>(= KIEZ; Rautenkranzer Stra\u00dfe 5, 08209 Auerbach \/ OT Gr\u00fcnheide)<\/p>\n<p>Ein Ausbildungsformat \u00fcber sie S\u00e4chsische Wander- und Pilgerakademie. Hier erfahren Sie mehr: <a href=\"https:\/\/eeb-sachsen.de\/wegewartausbildung.html\">https:\/\/eeb-sachsen.de\/wegewartausbildung.html<\/a><\/p>\n","protected":false},"excerpt":{"rendered":"<p>Ausbildung Wege-Warte Termin: Fr, 17. &#8211; So, 19.10.2025Ort: Waldpark Gr\u00fcnheide (= KIEZ; Rautenkranzer Stra\u00dfe 5, 08209 Auerbach \/ OT Gr\u00fcnheide) Ein Ausbildungsformat \u00fcber sie S\u00e4chsische Wander- und Pilgerakademie. Hier erfahren Sie mehr: https:\/\/eeb-sachsen.de\/wegewartausbildung.html<\/p>\n","protected":false},"author":2,"featured_media":0,"comment_status":"closed","ping_status":"closed","template":"","categories":[],"tags":[],"_links":{"self":[{"href":"https:\/\/www.vogtlandwandern.de\/neu2017\/wp-json\/wp\/v2\/event\/2252"}],"collection":[{"href":"https:\/\/www.vogtlandwandern.de\/neu2017\/wp-json\/wp\/v2\/event"}],"about":[{"href":"https:\/\/www.vogtlandwandern.de\/neu2017\/wp-json\/wp\/v2\/types\/event"}],"author":[{"embeddable":true,"href":"https:\/\/www.vogtlandwandern.de\/neu2017\/wp-json\/wp\/v2\/users\/2"}],"replies":[{"embeddable":true,"href":"https:\/\/www.vogtlandwandern.de\/neu2017\/wp-json\/wp\/v2\/comments?post=2252"}],"version-history":[{"count":3,"href":"https:\/\/www.vogtlandwandern.de\/neu2017\/wp-json\/wp\/v2\/event\/2252\/revisions"}],"predecessor-version":[{"id":3297,"href":"https:\/\/www.vogtlandwandern.de\/neu2017\/wp-json\/wp\/v2\/event\/2252\/revisions\/3297"}],"wp:attachment":[{"href":"https:\/\/www.vogtlandwandern.de\/neu2017\/wp-json\/wp\/v2\/media?parent=2252"}],"wp:term":[{"taxonomy":"category","embeddable":true,"href":"https:\/\/www.vogtlandwandern.de\/neu2017\/wp-json\/wp\/v2\/categories?post=2252"},{"taxonomy":"post_tag","embeddable":true,"href":"https:\/\/www.vogtlandwandern.de\/neu2017\/wp-json\/wp\/v2\/tags?post=2252"}],"curies":[{"name":"wp","href":"https:\/\/api.w.org\/{rel}","templated":true}]}}

<p><span style="color: #000000;"><em><strong>Ausbildung Wege-Warte</strong></em></span></p>
<p>Termin: <strong>Fr, 17. &#8211; So, 19.10.2025<br /></strong>Ort:<strong> Waldpark Grünheide </strong>(= KIEZ; Rautenkranzer Straße 5, 08209 Auerbach / OT Grünheide)</p>
<p>Ein Ausbildungsformat über sie Sächsische Wander- und Pilgerakademie. Hier erfahren Sie mehr: <a href="https://eeb-sachsen.de/wegewartausbildung.html">https://eeb-sachsen.de/wegewartausbildung.html</a></p>

<p>Ausbildung Wege-Warte Termin: Fr, 17. &#8211; So, 19.10.2025Ort: Waldpark Grünheide (= KIEZ; Rautenkranzer Straße 5, 08209 Auerbach / OT Grünheide) Ein Ausbildungsformat über sie Sächsische Wander- und Pilgerakademie. Hier erfahren Sie mehr: https://eeb-sachsen.de/wegewartausbildung.html</p>
