{"id":2876,"date":"2024-01-02T22:26:01","date_gmt":"2024-01-02T21:26:01","guid":{"rendered":"https:\/\/www.vogtlandwandern.de\/neu2017\/?post_type=event&#038;p=2876"},"modified":"2025-10-06T21:15:45","modified_gmt":"2025-10-06T19:15:45","slug":"3-vogtl-winterwandertage-t8-tag-07-02","status":"publish","type":"event","link":"https:\/\/www.vogtlandwandern.de\/neu2017\/event\/3-vogtl-winterwandertage-t8-tag-07-02\/","title":{"rendered":"T8 &#8211; 3. Vogtl. Winterwandertage"},"content":{"rendered":"<p><strong>Titel:\u00a0<u>3. Vogtl\u00e4ndische Winterwandertage &#8211; T8 &#8211; Fackelwanderung um Erlbach<br \/><\/u><br \/>Termin:<\/strong> Sa, 07.02.2026<strong><br \/>Treff: <\/strong>17:15 Uhr, Parkplatz am Freilichtmuseum Eubabrunn<strong><br \/>Veranstalter: <\/strong>VGWV e.V.; K. Hager; Tel.: 0177 \/ 525 4102; E-Mail: <a href=\"hager.vogtlandwandern@gmail.com\">hager.vogtlandwandern@gmail.com<\/a><br \/><strong>Ausrichter:<\/strong> Erlbacher Berwanderverein e.V., <a href=\"bergwanderverein@gmx.de\">bergwanderverein@gmx.de<\/a><\/p>\n<p><strong>Strecke:<\/strong> 3,5 km gef\u00fchrt, leicht, ca. 1 Std. ohne Rast<br \/><strong>Verlauf: <\/strong>vom Parkplatz zur Loh`-H\u00fctte und zur\u00fcck <br \/><strong>Kosten: <\/strong>kostenfreie Teilnahme; Fackeln kostenpflichtig am Start erh\u00e4ltlich<br \/><strong>Hinweis: <\/strong>Anmeldung \u00fcber Tourist-Info erw\u00fcnscht: <a href=\"tourismus@markneukirchen.de\">tourismus@markneukirchen.de<\/a> ; Rucksackverpflegung<\/p>\n","protected":false},"excerpt":{"rendered":"<p>Titel:\u00a03. Vogtl\u00e4ndische Winterwandertage &#8211; T8 &#8211; Fackelwanderung um ErlbachTermin: Sa, 07.02.2026Treff: 17:15 Uhr, Parkplatz am Freilichtmuseum EubabrunnVeranstalter: VGWV e.V.; K. Hager; Tel.: 0177 \/ 525 4102; E-Mail: hager.vogtlandwandern@gmail.comAusrichter: Erlbacher Berwanderverein e.V., bergwanderverein@gmx.de Strecke: 3,5 km gef\u00fchrt, leicht, ca. 1 Std. ohne RastVerlauf: vom Parkplatz zur Loh`-H\u00fctte und zur\u00fcck Kosten: kostenfreie Teilnahme; Fackeln kostenpflichtig am Start [&hellip;]<\/p>\n","protected":false},"author":2,"featured_media":0,"comment_status":"closed","ping_status":"closed","template":"","categories":[],"tags":[],"_links":{"self":[{"href":"https:\/\/www.vogtlandwandern.de\/neu2017\/wp-json\/wp\/v2\/event\/2876"}],"collection":[{"href":"https:\/\/www.vogtlandwandern.de\/neu2017\/wp-json\/wp\/v2\/event"}],"about":[{"href":"https:\/\/www.vogtlandwandern.de\/neu2017\/wp-json\/wp\/v2\/types\/event"}],"author":[{"embeddable":true,"href":"https:\/\/www.vogtlandwandern.de\/neu2017\/wp-json\/wp\/v2\/users\/2"}],"replies":[{"embeddable":true,"href":"https:\/\/www.vogtlandwandern.de\/neu2017\/wp-json\/wp\/v2\/comments?post=2876"}],"version-history":[{"count":3,"href":"https:\/\/www.vogtlandwandern.de\/neu2017\/wp-json\/wp\/v2\/event\/2876\/revisions"}],"predecessor-version":[{"id":3518,"href":"https:\/\/www.vogtlandwandern.de\/neu2017\/wp-json\/wp\/v2\/event\/2876\/revisions\/3518"}],"wp:attachment":[{"href":"https:\/\/www.vogtlandwandern.de\/neu2017\/wp-json\/wp\/v2\/media?parent=2876"}],"wp:term":[{"taxonomy":"category","embeddable":true,"href":"https:\/\/www.vogtlandwandern.de\/neu2017\/wp-json\/wp\/v2\/categories?post=2876"},{"taxonomy":"post_tag","embeddable":true,"href":"https:\/\/www.vogtlandwandern.de\/neu2017\/wp-json\/wp\/v2\/tags?post=2876"}],"curies":[{"name":"wp","href":"https:\/\/api.w.org\/{rel}","templated":true}]}}

<p><strong>Titel: <u>3. Vogtländische Winterwandertage &#8211; T8 &#8211; Fackelwanderung um Erlbach<br /></u><br />Termin:</strong> Sa, 07.02.2026<strong><br />Treff: </strong>17:15 Uhr, Parkplatz am Freilichtmuseum Eubabrunn<strong><br />Veranstalter: </strong>VGWV e.V.; K. Hager; Tel.: 0177 / 525 4102; E-Mail: <a href="hager.vogtlandwandern@gmail.com">hager.vogtlandwandern@gmail.com</a><br /><strong>Ausrichter:</strong> Erlbacher Berwanderverein e.V., <a href="bergwanderverein@gmx.de">bergwanderverein@gmx.de</a></p>
<p><strong>Strecke:</strong> 3,5 km geführt, leicht, ca. 1 Std. ohne Rast<br /><strong>Verlauf: </strong>vom Parkplatz zur Loh`-Hütte und zurück <br /><strong>Kosten: </strong>kostenfreie Teilnahme; Fackeln kostenpflichtig am Start erhältlich<br /><strong>Hinweis: </strong>Anmeldung über Tourist-Info erwünscht: <a href="tourismus@markneukirchen.de">tourismus@markneukirchen.de</a> ; Rucksackverpflegung</p>

<p>Titel: 3. Vogtländische Winterwandertage &#8211; T8 &#8211; Fackelwanderung um ErlbachTermin: Sa, 07.02.2026Treff: 17:15 Uhr, Parkplatz am Freilichtmuseum EubabrunnVeranstalter: VGWV e.V.; K. Hager; Tel.: 0177 / 525 4102; E-Mail: hager.vogtlandwandern@gmail.comAusrichter: Erlbacher Berwanderverein e.V., bergwanderverein@gmx.de Strecke: 3,5 km geführt, leicht, ca. 1 Std. ohne RastVerlauf: vom Parkplatz zur Loh`-Hütte und zurück Kosten: kostenfreie Teilnahme; Fackeln kostenpflichtig am Start [&hellip;]</p>
