{"id":2993,"date":"2024-08-12T20:04:27","date_gmt":"2024-08-12T18:04:27","guid":{"rendered":"https:\/\/www.vogtlandwandern.de\/neu2017\/?post_type=event&#038;p=2993"},"modified":"2025-08-18T14:29:41","modified_gmt":"2025-08-18T12:29:41","slug":"20-erlbacher-wanderwoche-panoramatour","status":"publish","type":"event","link":"https:\/\/www.vogtlandwandern.de\/neu2017\/event\/20-erlbacher-wanderwoche-panoramatour\/","title":{"rendered":"20. Erlbacher Wanderwoche"},"content":{"rendered":"<p><strong>Titel:\u00a0\u00a0\u00a0\u00a0\u00a0\u00a0\u00a0 \u00a0\u00a0\u00a0\u00a0\u00a0\u00a0 <u>20. Erlbacher Wanderwoche<br \/><\/u><\/strong><strong>Termin:<\/strong>\u00a0 \u00a0 \u00a0 \u00a0 \u00a0 \u00a0<strong>So, 31.08.2025 &#8211; Auftakt-Wanderung zur Wanderwoche &#8222;Panoramatour um Erlbach&#8220;<br \/><\/strong><\/p>\n<p><strong>Veranstalter:<\/strong>\u00a0 Bergwanderverein Erlbach\/Vogtland e.V., Sebastian Sch\u00fcller, Forststra\u00dfe 30; 08258 Markneukirchen, Tel.: 037422 \/ 40674, <br \/>\u00a0\u00a0\u00a0\u00a0\u00a0\u00a0\u00a0\u00a0\u00a0\u00a0\u00a0\u00a0\u00a0\u00a0\u00a0\u00a0\u00a0\u00a0\u00a0\u00a0\u00a0\u00a0\u00a0 E-Mail: <a href=\"mailto:bergwanderverein@gmx.de%20\">bergwanderverein@gmx.de <\/a><br \/><strong>Strecken:<\/strong> \u00a0\u00a0\u00a0\u00a0\u00a0 ca. 11,5 km, gef\u00fchrte Tour<br \/><strong>Start:<\/strong> \u00a0\u00a0\u00a0\u00a0\u00a0\u00a0\u00a0\u00a0\u00a0\u00a0\u00a0\u00a0 9.00 Uhr &#8211; Parkplatz am Ortseingang Erlbach (am Friedhof)<br \/><strong>Strecke:<\/strong>\u00a0 \u00a0 \u00a0 \u00a0 \u00a0Anstieg zur Aussicht Sportreuth &#8211; Gopplasgr\u00fcner Tal &#8211; Fernsicht von den Gopplasgr\u00fcner Bergh\u00e4user &#8211; vorderer Flo\u00dfteich Kinderheim Tannenm\u00fchle (Abk\u00fcrzung \u00fcber den F\u00f6rsterweg zum Ausgangspunkt mgl.) &#8211; starker Anstieg zum Kammweg (Grenze) &#8211; Wirtsgrundtal &#8211; Ausblick ins Schwarzbachtal &#8211; Parkplatz (gesamt: 470m Anstieg)<\/p>\n<p><strong>Hinweis:<\/strong>\u00a0 \u00a0 \u00a0 \u00a0 Rucksackverpflegung; n\u00e4here Infos unter: <a href=\"http:\/\/www.bergwanderverein.de\">http:\/\/www.bergwanderverein.de<\/a><\/p>\n","protected":false},"excerpt":{"rendered":"<p>Titel:\u00a0\u00a0\u00a0\u00a0\u00a0\u00a0\u00a0 \u00a0\u00a0\u00a0\u00a0\u00a0\u00a0 20. Erlbacher WanderwocheTermin:\u00a0 \u00a0 \u00a0 \u00a0 \u00a0 \u00a0So, 31.08.2025 &#8211; Auftakt-Wanderung zur Wanderwoche &#8222;Panoramatour um Erlbach&#8220; Veranstalter:\u00a0 Bergwanderverein Erlbach\/Vogtland e.V., Sebastian Sch\u00fcller, Forststra\u00dfe 30; 08258 Markneukirchen, Tel.: 037422 \/ 40674, \u00a0\u00a0\u00a0\u00a0\u00a0\u00a0\u00a0\u00a0\u00a0\u00a0\u00a0\u00a0\u00a0\u00a0\u00a0\u00a0\u00a0\u00a0\u00a0\u00a0\u00a0\u00a0\u00a0 E-Mail: bergwanderverein@gmx.de Strecken: \u00a0\u00a0\u00a0\u00a0\u00a0 ca. 11,5 km, gef\u00fchrte TourStart: \u00a0\u00a0\u00a0\u00a0\u00a0\u00a0\u00a0\u00a0\u00a0\u00a0\u00a0\u00a0 9.00 Uhr &#8211; Parkplatz am Ortseingang Erlbach (am Friedhof)Strecke:\u00a0 \u00a0 \u00a0 \u00a0 [&hellip;]<\/p>\n","protected":false},"author":2,"featured_media":0,"comment_status":"closed","ping_status":"closed","template":"","categories":[],"tags":[],"_links":{"self":[{"href":"https:\/\/www.vogtlandwandern.de\/neu2017\/wp-json\/wp\/v2\/event\/2993"}],"collection":[{"href":"https:\/\/www.vogtlandwandern.de\/neu2017\/wp-json\/wp\/v2\/event"}],"about":[{"href":"https:\/\/www.vogtlandwandern.de\/neu2017\/wp-json\/wp\/v2\/types\/event"}],"author":[{"embeddable":true,"href":"https:\/\/www.vogtlandwandern.de\/neu2017\/wp-json\/wp\/v2\/users\/2"}],"replies":[{"embeddable":true,"href":"https:\/\/www.vogtlandwandern.de\/neu2017\/wp-json\/wp\/v2\/comments?post=2993"}],"version-history":[{"count":4,"href":"https:\/\/www.vogtlandwandern.de\/neu2017\/wp-json\/wp\/v2\/event\/2993\/revisions"}],"predecessor-version":[{"id":3439,"href":"https:\/\/www.vogtlandwandern.de\/neu2017\/wp-json\/wp\/v2\/event\/2993\/revisions\/3439"}],"wp:attachment":[{"href":"https:\/\/www.vogtlandwandern.de\/neu2017\/wp-json\/wp\/v2\/media?parent=2993"}],"wp:term":[{"taxonomy":"category","embeddable":true,"href":"https:\/\/www.vogtlandwandern.de\/neu2017\/wp-json\/wp\/v2\/categories?post=2993"},{"taxonomy":"post_tag","embeddable":true,"href":"https:\/\/www.vogtlandwandern.de\/neu2017\/wp-json\/wp\/v2\/tags?post=2993"}],"curies":[{"name":"wp","href":"https:\/\/api.w.org\/{rel}","templated":true}]}}

<p><strong>Titel:               <u>20. Erlbacher Wanderwoche<br /></u></strong><strong>Termin:</strong>           <strong>So, 31.08.2025 &#8211; Auftakt-Wanderung zur Wanderwoche &#8222;Panoramatour um Erlbach&#8220;<br /></strong></p>
<p><strong>Veranstalter:</strong>  Bergwanderverein Erlbach/Vogtland e.V., Sebastian Schüller, Forststraße 30; 08258 Markneukirchen, Tel.: 037422 / 40674, <br />                        E-Mail: <a href="mailto:bergwanderverein@gmx.de%20">bergwanderverein@gmx.de </a><br /><strong>Strecken:</strong>       ca. 11,5 km, geführte Tour<br /><strong>Start:</strong>              9.00 Uhr &#8211; Parkplatz am Ortseingang Erlbach (am Friedhof)<br /><strong>Strecke:</strong>         Anstieg zur Aussicht Sportreuth &#8211; Gopplasgrüner Tal &#8211; Fernsicht von den Gopplasgrüner Berghäuser &#8211; vorderer Floßteich Kinderheim Tannenmühle (Abkürzung über den Försterweg zum Ausgangspunkt mgl.) &#8211; starker Anstieg zum Kammweg (Grenze) &#8211; Wirtsgrundtal &#8211; Ausblick ins Schwarzbachtal &#8211; Parkplatz (gesamt: 470m Anstieg)</p>
<p><strong>Hinweis:</strong>        Rucksackverpflegung; nähere Infos unter: <a href="http://www.bergwanderverein.de">http://www.bergwanderverein.de</a></p>

<p>Titel:               20. Erlbacher WanderwocheTermin:           So, 31.08.2025 &#8211; Auftakt-Wanderung zur Wanderwoche &#8222;Panoramatour um Erlbach&#8220; Veranstalter:  Bergwanderverein Erlbach/Vogtland e.V., Sebastian Schüller, Forststraße 30; 08258 Markneukirchen, Tel.: 037422 / 40674,                         E-Mail: bergwanderverein@gmx.de Strecken:       ca. 11,5 km, geführte TourStart:              9.00 Uhr &#8211; Parkplatz am Ortseingang Erlbach (am Friedhof)Strecke:        [&hellip;]</p>
