{"id":3211,"date":"2024-11-14T22:44:39","date_gmt":"2024-11-14T21:44:39","guid":{"rendered":"https:\/\/www.vogtlandwandern.de\/neu2017\/?post_type=event&#038;p=3211"},"modified":"2025-12-22T15:13:06","modified_gmt":"2025-12-22T14:13:06","slug":"2-oelsnitzer-sperkentour","status":"publish","type":"event","link":"https:\/\/www.vogtlandwandern.de\/neu2017\/event\/2-oelsnitzer-sperkentour\/","title":{"rendered":"2. Oelsnitzer Sperkentour"},"content":{"rendered":"<p><strong>Titel: \u00a0\u00a0\u00a0\u00a0\u00a0\u00a0\u00a0\u00a0\u00a0\u00a0\u00a0\u00a0\u00a0 <u>1. Oelsnitzer Sperkentour<br \/><\/u>Termin:\u00a0\u00a0\u00a0\u00a0\u00a0\u00a0\u00a0\u00a0\u00a0\u00a0 Sa, 29.08.2026<\/strong><\/p>\n<p><strong>Veranstalter:\u00a0 <\/strong>Wandersperken Oelsnitz\/Vogtl. e.V., Turnstra\u00dfe 2, 08606 Oelsnitz \/Vogtl.<br \/>\u00a0\u00a0\u00a0\u00a0\u00a0\u00a0\u00a0\u00a0\u00a0\u00a0\u00a0\u00a0\u00a0\u00a0\u00a0\u00a0\u00a0\u00a0\u00a0\u00a0\u00a0\u00a0\u00a0 Ulrich M\u00fcller; Tel.: 037421 \/ 21052; Mail: u.h.mueller@gmx.de und G\u00fcnter N\u00e4vie, Tel.: 037421 \/ 22949, Mail:\u00a0<a href=\"naevie51@freenet.de\">naevie51@freenet.de<\/a>\u00a0<br \/><strong>Strecken:\u00a0\u00a0\u00a0\u00a0\u00a0\u00a0 1x<\/strong><strong> gef\u00fchrte<\/strong> Familienwanderung (6km)\u00a0 &amp; <strong>2x markierte Strecken\u00a0<\/strong>(12 km &amp; 18km)<br \/>\u00a0\u00a0\u00a0\u00a0\u00a0\u00a0\u00a0\u00a0\u00a0\u00a0\u00a0\u00a0\u00a0\u00a0\u00a0\u00a0\u00a0\u00a0\u00a0\u00a0\u00a0\u00a0 genauer Streckenverlauf wird noch bekannt gegeben, Tourverlauf &#8211; Wandergebiet rund um Oelsnitz<strong> \u00a0\u00a0\u00a0\u00a0\u00a0\u00a0\u00a0 <br \/><\/strong><strong>Start:<\/strong> \u00a0\u00a0\u00a0\u00a0\u00a0\u00a0\u00a0\u00a0\u00a0\u00a0\u00a0\u00a0 Katharienkirche, Egerstra\u00dfe 9, 08606 Oelsnitz \/ Vogtl.<br \/>\u00a0\u00a0\u00a0\u00a0\u00a0\u00a0\u00a0\u00a0\u00a0\u00a0\u00a0\u00a0\u00a0\u00a0\u00a0\u00a0\u00a0\u00a0\u00a0\u00a0\u00a0\u00a0 7.00 &#8211; 9.00 Uhr (!) f\u00fcr die markierten Strecken<br \/>\u00a0\u00a0\u00a0\u00a0\u00a0\u00a0\u00a0\u00a0\u00a0\u00a0\u00a0\u00a0\u00a0\u00a0\u00a0\u00a0\u00a0\u00a0\u00a0\u00a0\u00a0\u00a0 9:30 Uhr f\u00fcr die gef\u00fchrte Familienwanderung<br \/><strong>Ziel:<\/strong> \u00a0\u00a0\u00a0\u00a0\u00a0\u00a0\u00a0\u00a0\u00a0\u00a0\u00a0\u00a0\u00a0\u00a0 bis 16 Uhr, wie Startort<br \/><strong>Hinweise:<\/strong> \u00a0\u00a0\u00a0\u00a0 Parkm\u00f6glichkeiten gen\u00fcgend vorhaden (Parkplatz Schwimmbad &#8222;Elstergarten&#8220; und umliegende Stra\u00dfen); Verpflegung an den <br \/>\u00a0\u00a0\u00a0\u00a0\u00a0\u00a0\u00a0\u00a0\u00a0\u00a0\u00a0\u00a0\u00a0\u00a0\u00a0\u00a0\u00a0\u00a0\u00a0\u00a0\u00a0\u00a0 Kontrollpunkten und im Ziel; &#8222;Moosmaa&#8220; mit seiner &#8222;Moosfraa&#8220; unterwegs, weitere Info`s zeitnah unter: <a href=\"http:\/\/www.wandersperken.de\">http:\/\/www.wandersperken.de<\/a><\/p>\n","protected":false},"excerpt":{"rendered":"<p>Titel: \u00a0\u00a0\u00a0\u00a0\u00a0\u00a0\u00a0\u00a0\u00a0\u00a0\u00a0\u00a0\u00a0 1. Oelsnitzer SperkentourTermin:\u00a0\u00a0\u00a0\u00a0\u00a0\u00a0\u00a0\u00a0\u00a0\u00a0 Sa, 29.08.2026 Veranstalter:\u00a0 Wandersperken Oelsnitz\/Vogtl. e.V., Turnstra\u00dfe 2, 08606 Oelsnitz \/Vogtl.\u00a0\u00a0\u00a0\u00a0\u00a0\u00a0\u00a0\u00a0\u00a0\u00a0\u00a0\u00a0\u00a0\u00a0\u00a0\u00a0\u00a0\u00a0\u00a0\u00a0\u00a0\u00a0\u00a0 Ulrich M\u00fcller; Tel.: 037421 \/ 21052; Mail: u.h.mueller@gmx.de und G\u00fcnter N\u00e4vie, Tel.: 037421 \/ 22949, Mail:\u00a0naevie51@freenet.de\u00a0Strecken:\u00a0\u00a0\u00a0\u00a0\u00a0\u00a0 1x gef\u00fchrte Familienwanderung (6km)\u00a0 &amp; 2x markierte Strecken\u00a0(12 km &amp; 18km)\u00a0\u00a0\u00a0\u00a0\u00a0\u00a0\u00a0\u00a0\u00a0\u00a0\u00a0\u00a0\u00a0\u00a0\u00a0\u00a0\u00a0\u00a0\u00a0\u00a0\u00a0\u00a0 genauer Streckenverlauf wird noch bekannt gegeben, Tourverlauf &#8211; Wandergebiet rund um Oelsnitz [&hellip;]<\/p>\n","protected":false},"author":2,"featured_media":0,"comment_status":"open","ping_status":"closed","template":"","categories":[],"tags":[],"_links":{"self":[{"href":"https:\/\/www.vogtlandwandern.de\/neu2017\/wp-json\/wp\/v2\/event\/3211"}],"collection":[{"href":"https:\/\/www.vogtlandwandern.de\/neu2017\/wp-json\/wp\/v2\/event"}],"about":[{"href":"https:\/\/www.vogtlandwandern.de\/neu2017\/wp-json\/wp\/v2\/types\/event"}],"author":[{"embeddable":true,"href":"https:\/\/www.vogtlandwandern.de\/neu2017\/wp-json\/wp\/v2\/users\/2"}],"replies":[{"embeddable":true,"href":"https:\/\/www.vogtlandwandern.de\/neu2017\/wp-json\/wp\/v2\/comments?post=3211"}],"version-history":[{"count":4,"href":"https:\/\/www.vogtlandwandern.de\/neu2017\/wp-json\/wp\/v2\/event\/3211\/revisions"}],"predecessor-version":[{"id":3644,"href":"https:\/\/www.vogtlandwandern.de\/neu2017\/wp-json\/wp\/v2\/event\/3211\/revisions\/3644"}],"wp:attachment":[{"href":"https:\/\/www.vogtlandwandern.de\/neu2017\/wp-json\/wp\/v2\/media?parent=3211"}],"wp:term":[{"taxonomy":"category","embeddable":true,"href":"https:\/\/www.vogtlandwandern.de\/neu2017\/wp-json\/wp\/v2\/categories?post=3211"},{"taxonomy":"post_tag","embeddable":true,"href":"https:\/\/www.vogtlandwandern.de\/neu2017\/wp-json\/wp\/v2\/tags?post=3211"}],"curies":[{"name":"wp","href":"https:\/\/api.w.org\/{rel}","templated":true}]}}

<p><strong>Titel:               <u>1. Oelsnitzer Sperkentour<br /></u>Termin:           Sa, 29.08.2026</strong></p>
<p><strong>Veranstalter:  </strong>Wandersperken Oelsnitz/Vogtl. e.V., Turnstraße 2, 08606 Oelsnitz /Vogtl.<br />                        Ulrich Müller; Tel.: 037421 / 21052; Mail: u.h.mueller@gmx.de und Günter Nävie, Tel.: 037421 / 22949, Mail: <a href="naevie51@freenet.de">naevie51@freenet.de</a> <br /><strong>Strecken:       1x</strong><strong> geführte</strong> Familienwanderung (6km)  &amp; <strong>2x markierte Strecken </strong>(12 km &amp; 18km)<br />                       genauer Streckenverlauf wird noch bekannt gegeben, Tourverlauf &#8211; Wandergebiet rund um Oelsnitz<strong>         <br /></strong><strong>Start:</strong>              Katharienkirche, Egerstraße 9, 08606 Oelsnitz / Vogtl.<br />                       7.00 &#8211; 9.00 Uhr (!) für die markierten Strecken<br />                       9:30 Uhr für die geführte Familienwanderung<br /><strong>Ziel:</strong>                bis 16 Uhr, wie Startort<br /><strong>Hinweise:</strong>      Parkmöglichkeiten genügend vorhaden (Parkplatz Schwimmbad &#8222;Elstergarten&#8220; und umliegende Straßen); Verpflegung an den <br />                       Kontrollpunkten und im Ziel; &#8222;Moosmaa&#8220; mit seiner &#8222;Moosfraa&#8220; unterwegs, weitere Info`s zeitnah unter: <a href="http://www.wandersperken.de">http://www.wandersperken.de</a></p>

<p>Titel:               1. Oelsnitzer SperkentourTermin:           Sa, 29.08.2026 Veranstalter:  Wandersperken Oelsnitz/Vogtl. e.V., Turnstraße 2, 08606 Oelsnitz /Vogtl.                        Ulrich Müller; Tel.: 037421 / 21052; Mail: u.h.mueller@gmx.de und Günter Nävie, Tel.: 037421 / 22949, Mail: naevie51@freenet.de Strecken:       1x geführte Familienwanderung (6km)  &amp; 2x markierte Strecken (12 km &amp; 18km)                       genauer Streckenverlauf wird noch bekannt gegeben, Tourverlauf &#8211; Wandergebiet rund um Oelsnitz [&hellip;]</p>
