{"id":3221,"date":"2024-11-14T23:18:06","date_gmt":"2024-11-14T22:18:06","guid":{"rendered":"https:\/\/www.vogtlandwandern.de\/neu2017\/?post_type=event&#038;p=3221"},"modified":"2025-12-22T15:02:50","modified_gmt":"2025-12-22T14:02:50","slug":"durchs-zwotaer-land-15-wanderung-zum-kutschenkorso","status":"publish","type":"event","link":"https:\/\/www.vogtlandwandern.de\/neu2017\/event\/durchs-zwotaer-land-15-wanderung-zum-kutschenkorso\/","title":{"rendered":"Durchs Zwotaer Land &#8211; 15. Wanderung zum Kutschenkorso"},"content":{"rendered":"<p><strong>Titel:\u00a0\u00a0\u00a0\u00a0\u00a0\u00a0\u00a0\u00a0\u00a0\u00a0\u00a0\u00a0\u00a0\u00a0 <u>Durchs Zwotaer Land \u2013 15. Wanderung zum Kutschenkorso<br \/><\/u><\/strong><strong>Termin:\u00a0\u00a0\u00a0\u00a0\u00a0\u00a0\u00a0\u00a0\u00a0 Sa, 17.10.2026<\/strong><\/p>\n<p><strong>Veranstalter: <\/strong>Klingenthaler Wandersportverein e.V., Peter Meisel, 08248 Klingenthal, Auerbacher Str. 114, Tel. +4937467 7011<br \/>\u00a0\u00a0\u00a0\u00a0\u00a0\u00a0\u00a0\u00a0\u00a0\u00a0\u00a0\u00a0\u00a0\u00a0\u00a0\u00a0\u00a0\u00a0\u00a0\u00a0\u00a0\u00a0 E-Mail: <a href=\"mailto:p.meisel@klingenthalerwandersportverein.de\">info@klingenthalerwandersportverein.de<\/a><br \/>\u00a0\u00a0\u00a0\u00a0\u00a0\u00a0\u00a0\u00a0\u00a0\u00a0\u00a0\u00a0\u00a0\u00a0\u00a0\u00a0\u00a0\u00a0\u00a0\u00a0\u00a0\u00a0 Heimatverein Zwota e.V., Stadt Klingenthal und Wanderverein KCT Erzgebirge Sokolov, Josef Ticha, E-Mail: <a href=\"mailto:pepa.ticha@centrum.cz\">pepa.ticha@centrum.cz<\/a><br \/><strong>Strecken:\u00a0\u00a0\u00a0\u00a0\u00a0\u00a0 9 km gef\u00fchrte Wanderung zum Kutschenkorso<br \/>\u00a0\u00a0\u00a0\u00a0\u00a0\u00a0\u00a0\u00a0\u00a0\u00a0\u00a0\u00a0\u00a0\u00a0\u00a0\u00a0\u00a0\u00a0\u00a0\u00a0\u00a0\u00a0 <\/strong>Treff mit den Kutschen am Start, am gemeinsamen Rastplatz und zum Endausscheid am neuen Parcoursplatz<br \/><strong>Start<\/strong>:\u00a0\u00a0\u00a0\u00a0\u00a0\u00a0\u00a0\u00a0\u00a0\u00a0\u00a0\u00a0 Auf dem neuen Parcoursplatz oberhalb der Fa. KMW Engineering GmbH, Markneukirchner Stra\u00dfe 81, in Klingenthal<br \/>\u00a0\u00a0\u00a0\u00a0\u00a0\u00a0\u00a0\u00a0\u00a0\u00a0\u00a0\u00a0\u00a0\u00a0\u00a0\u00a0\u00a0\u00a0\u00a0\u00a0\u00a0 ab 9.45 Uhr f\u00fcr die erste Kutsche, weitere Kutschen im Abstand von 5 Minuten.<br \/>\u00a0\u00a0\u00a0\u00a0\u00a0\u00a0\u00a0\u00a0\u00a0\u00a0\u00a0\u00a0\u00a0\u00a0\u00a0\u00a0\u00a0\u00a0\u00a0\u00a0\u00a0 Start f\u00fcr Wanderer im Anschluss ab ca. 10.15 Uhr<br \/><strong>Ziel:\u00a0\u00a0\u00a0\u00a0\u00a0\u00a0\u00a0\u00a0\u00a0\u00a0\u00a0\u00a0\u00a0\u00a0 <\/strong>Neuer Parcoursplatz, 14.00 Uhr<br \/>\u00a0\u00a0\u00a0\u00a0\u00a0\u00a0\u00a0\u00a0\u00a0\u00a0\u00a0\u00a0\u00a0\u00a0\u00a0\u00a0\u00a0\u00a0\u00a0\u00a0\u00a0 Anschlie\u00dfend Kutschenparcours mit Wertung, Siegerehrung ca. 16.00 Uhr<br \/><strong>Hinweis:\u00a0\u00a0\u00a0\u00a0\u00a0\u00a0 <\/strong>PKW parken in der N\u00e4he des neuen Parcoursplatzes. F\u00fcr die Anreise mit \u00f6ffentlichen Verkehrsmitteln empfiehlt sich der Bus 30 <br \/>\u00a0\u00a0\u00a0\u00a0\u00a0\u00a0\u00a0\u00a0\u00a0\u00a0\u00a0\u00a0\u00a0\u00a0\u00a0\u00a0\u00a0\u00a0\u00a0\u00a0\u00a0 des Verkehrsverbundes Vogtland bis Haltestelle Klingenthal M\u00fchlenstra\u00dfe oder die Bahn bis Bahnhof Klingenthal <br \/>\u00a0\u00a0\u00a0\u00a0\u00a0\u00a0\u00a0\u00a0\u00a0\u00a0\u00a0\u00a0\u00a0\u00a0\u00a0\u00a0\u00a0\u00a0\u00a0\u00a0\u00a0 (Gehzeit zum Start 30 min); Imbissangebot unterwegs und am Ziel<br \/>\u00a0\u00a0\u00a0\u00a0\u00a0\u00a0\u00a0\u00a0\u00a0\u00a0\u00a0\u00a0\u00a0\u00a0\u00a0\u00a0\u00a0\u00a0\u00a0\u00a0\u00a0 Ausf\u00fchrliche Informationen unter: <a href=\"http:\/\/www.klingenthalerwandersporverein.de\">http:\/\/www.klingenthalerwandersporverein.de<\/a><\/p>\n","protected":false},"excerpt":{"rendered":"<p>Titel:\u00a0\u00a0\u00a0\u00a0\u00a0\u00a0\u00a0\u00a0\u00a0\u00a0\u00a0\u00a0\u00a0\u00a0 Durchs Zwotaer Land \u2013 15. Wanderung zum KutschenkorsoTermin:\u00a0\u00a0\u00a0\u00a0\u00a0\u00a0\u00a0\u00a0\u00a0 Sa, 17.10.2026 Veranstalter: Klingenthaler Wandersportverein e.V., Peter Meisel, 08248 Klingenthal, Auerbacher Str. 114, Tel. +4937467 7011\u00a0\u00a0\u00a0\u00a0\u00a0\u00a0\u00a0\u00a0\u00a0\u00a0\u00a0\u00a0\u00a0\u00a0\u00a0\u00a0\u00a0\u00a0\u00a0\u00a0\u00a0\u00a0 E-Mail: info@klingenthalerwandersportverein.de\u00a0\u00a0\u00a0\u00a0\u00a0\u00a0\u00a0\u00a0\u00a0\u00a0\u00a0\u00a0\u00a0\u00a0\u00a0\u00a0\u00a0\u00a0\u00a0\u00a0\u00a0\u00a0 Heimatverein Zwota e.V., Stadt Klingenthal und Wanderverein KCT Erzgebirge Sokolov, Josef Ticha, E-Mail: pepa.ticha@centrum.czStrecken:\u00a0\u00a0\u00a0\u00a0\u00a0\u00a0 9 km gef\u00fchrte Wanderung zum Kutschenkorso\u00a0\u00a0\u00a0\u00a0\u00a0\u00a0\u00a0\u00a0\u00a0\u00a0\u00a0\u00a0\u00a0\u00a0\u00a0\u00a0\u00a0\u00a0\u00a0\u00a0\u00a0\u00a0 Treff mit den Kutschen am Start, am gemeinsamen [&hellip;]<\/p>\n","protected":false},"author":2,"featured_media":0,"comment_status":"open","ping_status":"closed","template":"","categories":[],"tags":[],"_links":{"self":[{"href":"https:\/\/www.vogtlandwandern.de\/neu2017\/wp-json\/wp\/v2\/event\/3221"}],"collection":[{"href":"https:\/\/www.vogtlandwandern.de\/neu2017\/wp-json\/wp\/v2\/event"}],"about":[{"href":"https:\/\/www.vogtlandwandern.de\/neu2017\/wp-json\/wp\/v2\/types\/event"}],"author":[{"embeddable":true,"href":"https:\/\/www.vogtlandwandern.de\/neu2017\/wp-json\/wp\/v2\/users\/2"}],"replies":[{"embeddable":true,"href":"https:\/\/www.vogtlandwandern.de\/neu2017\/wp-json\/wp\/v2\/comments?post=3221"}],"version-history":[{"count":3,"href":"https:\/\/www.vogtlandwandern.de\/neu2017\/wp-json\/wp\/v2\/event\/3221\/revisions"}],"predecessor-version":[{"id":3638,"href":"https:\/\/www.vogtlandwandern.de\/neu2017\/wp-json\/wp\/v2\/event\/3221\/revisions\/3638"}],"wp:attachment":[{"href":"https:\/\/www.vogtlandwandern.de\/neu2017\/wp-json\/wp\/v2\/media?parent=3221"}],"wp:term":[{"taxonomy":"category","embeddable":true,"href":"https:\/\/www.vogtlandwandern.de\/neu2017\/wp-json\/wp\/v2\/categories?post=3221"},{"taxonomy":"post_tag","embeddable":true,"href":"https:\/\/www.vogtlandwandern.de\/neu2017\/wp-json\/wp\/v2\/tags?post=3221"}],"curies":[{"name":"wp","href":"https:\/\/api.w.org\/{rel}","templated":true}]}}

<p><strong>Titel:               <u>Durchs Zwotaer Land – 15. Wanderung zum Kutschenkorso<br /></u></strong><strong>Termin:          Sa, 17.10.2026</strong></p>
<p><strong>Veranstalter: </strong>Klingenthaler Wandersportverein e.V., Peter Meisel, 08248 Klingenthal, Auerbacher Str. 114, Tel. +4937467 7011<br />                       E-Mail: <a href="mailto:p.meisel@klingenthalerwandersportverein.de">info@klingenthalerwandersportverein.de</a><br />                       Heimatverein Zwota e.V., Stadt Klingenthal und Wanderverein KCT Erzgebirge Sokolov, Josef Ticha, E-Mail: <a href="mailto:pepa.ticha@centrum.cz">pepa.ticha@centrum.cz</a><br /><strong>Strecken:       9 km geführte Wanderung zum Kutschenkorso<br />                       </strong>Treff mit den Kutschen am Start, am gemeinsamen Rastplatz und zum Endausscheid am neuen Parcoursplatz<br /><strong>Start</strong>:             Auf dem neuen Parcoursplatz oberhalb der Fa. KMW Engineering GmbH, Markneukirchner Straße 81, in Klingenthal<br />                      ab 9.45 Uhr für die erste Kutsche, weitere Kutschen im Abstand von 5 Minuten.<br />                      Start für Wanderer im Anschluss ab ca. 10.15 Uhr<br /><strong>Ziel:               </strong>Neuer Parcoursplatz, 14.00 Uhr<br />                      Anschließend Kutschenparcours mit Wertung, Siegerehrung ca. 16.00 Uhr<br /><strong>Hinweis:       </strong>PKW parken in der Nähe des neuen Parcoursplatzes. Für die Anreise mit öffentlichen Verkehrsmitteln empfiehlt sich der Bus 30 <br />                      des Verkehrsverbundes Vogtland bis Haltestelle Klingenthal Mühlenstraße oder die Bahn bis Bahnhof Klingenthal <br />                      (Gehzeit zum Start 30 min); Imbissangebot unterwegs und am Ziel<br />                      Ausführliche Informationen unter: <a href="http://www.klingenthalerwandersporverein.de">http://www.klingenthalerwandersporverein.de</a></p>

<p>Titel:               Durchs Zwotaer Land – 15. Wanderung zum KutschenkorsoTermin:          Sa, 17.10.2026 Veranstalter: Klingenthaler Wandersportverein e.V., Peter Meisel, 08248 Klingenthal, Auerbacher Str. 114, Tel. +4937467 7011                       E-Mail: info@klingenthalerwandersportverein.de                       Heimatverein Zwota e.V., Stadt Klingenthal und Wanderverein KCT Erzgebirge Sokolov, Josef Ticha, E-Mail: pepa.ticha@centrum.czStrecken:       9 km geführte Wanderung zum Kutschenkorso                       Treff mit den Kutschen am Start, am gemeinsamen [&hellip;]</p>
