{"id":3239,"date":"2024-11-17T11:51:27","date_gmt":"2024-11-17T10:51:27","guid":{"rendered":"https:\/\/www.vogtlandwandern.de\/neu2017\/?post_type=event&#038;p=3239"},"modified":"2025-12-23T14:29:44","modified_gmt":"2025-12-23T13:29:44","slug":"fruehlingswanderung-auf-forstmeister-muellers-pfaden-in-den-zauberwald","status":"publish","type":"event","link":"https:\/\/www.vogtlandwandern.de\/neu2017\/event\/fruehlingswanderung-auf-forstmeister-muellers-pfaden-in-den-zauberwald\/","title":{"rendered":"Fr\u00fchlings-Wanderung &#8222;Auf Forstmeister M\u00fcller`s Pfaden in den Zauberwald&#8220;"},"content":{"rendered":"<p><strong>Titel:<\/strong> \u00a0\u00a0\u00a0\u00a0\u00a0\u00a0\u00a0\u00a0\u00a0\u00a0\u00a0\u00a0\u00a0 <strong><u>Fr\u00fchlings-Wanderung &#8211; &#8222;Auf Forstmeister M\u00fcller`s Pfaden in den Zauberwald&#8220;<\/p>\n<p><\/u><\/strong><strong>Termin:\u00a0\u00a0\u00a0\u00a0\u00a0\u00a0\u00a0\u00a0\u00a0 Sa, 18.04.2026<br \/><\/strong><strong>Veranstalter: <\/strong>Sachsenforst, Herr Andreas Henke<br \/>\u00a0\u00a0\u00a0\u00a0\u00a0\u00a0\u00a0\u00a0\u00a0\u00a0\u00a0\u00a0\u00a0\u00a0\u00a0\u00a0\u00a0\u00a0\u00a0\u00a0\u00a0 \u00a0weitere Info \u00fcber: Luisa L\u00fcttschwager (Sachbearbeiterin \u00d6ffentlichkeitsarbeit Forstbezirk Adorf), <br \/>\u00a0\u00a0\u00a0\u00a0\u00a0\u00a0\u00a0\u00a0\u00a0\u00a0\u00a0\u00a0\u00a0\u00a0\u00a0\u00a0\u00a0\u00a0\u00a0\u00a0\u00a0\u00a0\u00a0 mobil: 0173 \/ 3717170; E-Mail: <a href=\"mailto:Luisa.Luettschwager@smekul.sachsen.de\">Luisa.Luettschwager@smekul.sachsen.de<\/a><\/p>\n<p><strong>Strecke<\/strong>:\u00a0\u00a0\u00a0\u00a0 \u00a0\u00a0\u00a0 <strong>12 km<\/strong> gef\u00fchrt<br \/><strong>Start:\u00a0\u00a0\u00a0\u00a0\u00a0\u00a0 \u00a0\u00a0\u00a0\u00a0\u00a0\u00a0 <\/strong>9.30 Uhr Parkplatz 2 Kinderheim Tannenm\u00fchle in Erlbach<br \/><strong>Hinweis:<\/strong> \u00a0\u00a0\u00a0\u00a0 \u00a0 im Forstrevier Erlbach wird Wissenswertes zu den forstgeschichtlichen Besonderheiten vermittelt, 4,5 Std.<br \/>\u00a0 \u00a0 \u00a0 \u00a0 \u00a0 \u00a0 \u00a0 \u00a0 \u00a0 \u00a0 \u00a0 \u00a0<strong>Anmeldung bitte bis: 16.04.2026<\/strong><\/p>\n","protected":false},"excerpt":{"rendered":"<p>Titel: \u00a0\u00a0\u00a0\u00a0\u00a0\u00a0\u00a0\u00a0\u00a0\u00a0\u00a0\u00a0\u00a0 Fr\u00fchlings-Wanderung &#8211; &#8222;Auf Forstmeister M\u00fcller`s Pfaden in den Zauberwald&#8220; Termin:\u00a0\u00a0\u00a0\u00a0\u00a0\u00a0\u00a0\u00a0\u00a0 Sa, 18.04.2026Veranstalter: Sachsenforst, Herr Andreas Henke\u00a0\u00a0\u00a0\u00a0\u00a0\u00a0\u00a0\u00a0\u00a0\u00a0\u00a0\u00a0\u00a0\u00a0\u00a0\u00a0\u00a0\u00a0\u00a0\u00a0\u00a0 \u00a0weitere Info \u00fcber: Luisa L\u00fcttschwager (Sachbearbeiterin \u00d6ffentlichkeitsarbeit Forstbezirk Adorf), \u00a0\u00a0\u00a0\u00a0\u00a0\u00a0\u00a0\u00a0\u00a0\u00a0\u00a0\u00a0\u00a0\u00a0\u00a0\u00a0\u00a0\u00a0\u00a0\u00a0\u00a0\u00a0\u00a0 mobil: 0173 \/ 3717170; E-Mail: Luisa.Luettschwager@smekul.sachsen.de Strecke:\u00a0\u00a0\u00a0\u00a0 \u00a0\u00a0\u00a0 12 km gef\u00fchrtStart:\u00a0\u00a0\u00a0\u00a0\u00a0\u00a0 \u00a0\u00a0\u00a0\u00a0\u00a0\u00a0 9.30 Uhr Parkplatz 2 Kinderheim Tannenm\u00fchle in ErlbachHinweis: \u00a0\u00a0\u00a0\u00a0 \u00a0 im Forstrevier Erlbach wird Wissenswertes [&hellip;]<\/p>\n","protected":false},"author":2,"featured_media":0,"comment_status":"open","ping_status":"closed","template":"","categories":[],"tags":[],"_links":{"self":[{"href":"https:\/\/www.vogtlandwandern.de\/neu2017\/wp-json\/wp\/v2\/event\/3239"}],"collection":[{"href":"https:\/\/www.vogtlandwandern.de\/neu2017\/wp-json\/wp\/v2\/event"}],"about":[{"href":"https:\/\/www.vogtlandwandern.de\/neu2017\/wp-json\/wp\/v2\/types\/event"}],"author":[{"embeddable":true,"href":"https:\/\/www.vogtlandwandern.de\/neu2017\/wp-json\/wp\/v2\/users\/2"}],"replies":[{"embeddable":true,"href":"https:\/\/www.vogtlandwandern.de\/neu2017\/wp-json\/wp\/v2\/comments?post=3239"}],"version-history":[{"count":3,"href":"https:\/\/www.vogtlandwandern.de\/neu2017\/wp-json\/wp\/v2\/event\/3239\/revisions"}],"predecessor-version":[{"id":3664,"href":"https:\/\/www.vogtlandwandern.de\/neu2017\/wp-json\/wp\/v2\/event\/3239\/revisions\/3664"}],"wp:attachment":[{"href":"https:\/\/www.vogtlandwandern.de\/neu2017\/wp-json\/wp\/v2\/media?parent=3239"}],"wp:term":[{"taxonomy":"category","embeddable":true,"href":"https:\/\/www.vogtlandwandern.de\/neu2017\/wp-json\/wp\/v2\/categories?post=3239"},{"taxonomy":"post_tag","embeddable":true,"href":"https:\/\/www.vogtlandwandern.de\/neu2017\/wp-json\/wp\/v2\/tags?post=3239"}],"curies":[{"name":"wp","href":"https:\/\/api.w.org\/{rel}","templated":true}]}}

Frühlings-Wanderung &#8222;Auf Forstmeister Müller`s Pfaden in den Zauberwald&#8220;

<p><strong>Titel:</strong>               <strong><u>Frühlings-Wanderung &#8211; &#8222;Auf Forstmeister Müller`s Pfaden in den Zauberwald&#8220;</p>
<p></u></strong><strong>Termin:          Sa, 18.04.2026<br /></strong><strong>Veranstalter: </strong>Sachsenforst, Herr Andreas Henke<br />                       weitere Info über: Luisa Lüttschwager (Sachbearbeiterin Öffentlichkeitsarbeit Forstbezirk Adorf), <br />                        mobil: 0173 / 3717170; E-Mail: <a href="mailto:Luisa.Luettschwager@smekul.sachsen.de">Luisa.Luettschwager@smekul.sachsen.de</a></p>
<p><strong>Strecke</strong>:         <strong>12 km</strong> geführt<br /><strong>Start:              </strong>9.30 Uhr Parkplatz 2 Kinderheim Tannenmühle in Erlbach<br /><strong>Hinweis:</strong>        im Forstrevier Erlbach wird Wissenswertes zu den forstgeschichtlichen Besonderheiten vermittelt, 4,5 Std.<br />                       <strong>Anmeldung bitte bis: 16.04.2026</strong></p>

<p>Titel:               Frühlings-Wanderung &#8211; &#8222;Auf Forstmeister Müller`s Pfaden in den Zauberwald&#8220; Termin:          Sa, 18.04.2026Veranstalter: Sachsenforst, Herr Andreas Henke                       weitere Info über: Luisa Lüttschwager (Sachbearbeiterin Öffentlichkeitsarbeit Forstbezirk Adorf),                         mobil: 0173 / 3717170; E-Mail: Luisa.Luettschwager@smekul.sachsen.de Strecke:         12 km geführtStart:              9.30 Uhr Parkplatz 2 Kinderheim Tannenmühle in ErlbachHinweis:        im Forstrevier Erlbach wird Wissenswertes [&hellip;]</p>
