{"id":3252,"date":"2024-11-17T12:50:27","date_gmt":"2024-11-17T11:50:27","guid":{"rendered":"https:\/\/www.vogtlandwandern.de\/neu2017\/?post_type=event&#038;p=3252"},"modified":"2025-12-23T14:18:20","modified_gmt":"2025-12-23T13:18:20","slug":"fruehlings-radwanderung-oekologische-vielfalt-des-landeswaldes","status":"publish","type":"event","link":"https:\/\/www.vogtlandwandern.de\/neu2017\/event\/fruehlings-radwanderung-oekologische-vielfalt-des-landeswaldes\/","title":{"rendered":"Fr\u00fchlings-RADwanderung &#8222;\u00d6kologische Vielfalt des Landeswaldes&#8220;"},"content":{"rendered":"<p><strong>Titel:<\/strong> \u00a0\u00a0\u00a0\u00a0\u00a0\u00a0\u00a0\u00a0\u00a0\u00a0\u00a0\u00a0\u00a0 <strong><u>Fr\u00fchlings-MTB-RADwanderung &#8211; &#8222;\u00d6kologische Vielfalt des Landeswaldes&#8220;<br \/><\/u><\/strong><strong><br \/>Termin:\u00a0 \u00a0 \u00a0 \u00a0 \u00a0 Mi, 22.04.2026<br \/><\/strong><\/p>\n<p><strong>Veranstalter: <\/strong>Sachsenforst, Herr Paul Pietrock<br \/>\u00a0\u00a0\u00a0\u00a0\u00a0\u00a0\u00a0\u00a0\u00a0\u00a0\u00a0\u00a0\u00a0\u00a0\u00a0\u00a0\u00a0\u00a0\u00a0\u00a0\u00a0 \u00a0weitere Info \u00fcber: Luisa L\u00fcttschwager (Sachbearbeiterin \u00d6ffentlichkeitsarbeit Forstbezirk Adorf), <br \/>\u00a0\u00a0\u00a0\u00a0\u00a0\u00a0\u00a0\u00a0\u00a0\u00a0\u00a0\u00a0\u00a0\u00a0\u00a0\u00a0\u00a0\u00a0\u00a0\u00a0\u00a0\u00a0\u00a0 mobil: 0173 \/ 3717170; E-Mail: <a href=\"mailto:Luisa.Luettschwager@smekul.sachsen.de\">Luisa.Luettschwager@smekul.sachsen.de<\/a><\/p>\n<p><strong>Strecke<\/strong>:\u00a0\u00a0\u00a0\u00a0 \u00a0\u00a0\u00a0 <strong>20 &#8211; 25 km<\/strong> gef\u00fchrt<br \/><strong>Start:\u00a0\u00a0\u00a0\u00a0\u00a0\u00a0 \u00a0\u00a0\u00a0\u00a0\u00a0\u00a0 <\/strong>17.00 Uhr Parkplatz Sommerrodelbahn M\u00fchlleithen<br \/><strong>Hinweis:<\/strong> \u00a0\u00a0\u00a0\u00a0 \u00a0 mit dem Rad auf geeigneten Wegen durch den Landeswald, Wissenswertes zum Beitrag der F\u00f6rster zur Erhaltung \/ Steigerung <br \/>\u00a0 \u00a0 \u00a0 \u00a0 \u00a0 \u00a0 \u00a0 \u00a0 \u00a0 \u00a0 \u00a0 \u00a0der \u00f6kologischen Vielfalt im Wald wird vermittelt, ca. 2,5 Std.<br \/>\u00a0\u00a0\u00a0\u00a0\u00a0\u00a0\u00a0\u00a0\u00a0\u00a0\u00a0\u00a0\u00a0\u00a0\u00a0\u00a0\u00a0\u00a0\u00a0\u00a0\u00a0\u00a0\u00a0 <strong>Anmeldung bitte bis: 20.04.2026<\/strong><\/p>\n<p><strong>\u00a0<\/strong><\/p>\n<p><strong>Veranstalter<\/strong>: Sachsenforst, Herr David Neubert<br \/><strong>\u00a0\u00a0\u00a0\u00a0\u00a0\u00a0\u00a0\u00a0\u00a0\u00a0\u00a0\u00a0\u00a0\u00a0\u00a0\u00a0\u00a0\u00a0\u00a0\u00a0\u00a0\u00a0 <\/strong>weitere Info \u00fcber: David Neubert (Sachbearbeiter \u00d6ffentlichkeitsarbeit Forstbezirk Adorf), mobil: 01733717170; <br \/>\u00a0\u00a0\u00a0\u00a0\u00a0\u00a0\u00a0\u00a0\u00a0\u00a0\u00a0\u00a0\u00a0\u00a0\u00a0\u00a0\u00a0\u00a0\u00a0\u00a0\u00a0\u00a0 E-Mail: <a href=\"mailto:David.Neubert@smekul.sachsen.de\">David.Neubert@smekul.sachsen.de<\/a><br \/><strong>Strecke:\u00a0\u00a0\u00a0\u00a0 \u00a0\u00a0\u00a0 22 km<\/strong> gef\u00fchrte Montainbike-Tour<br \/><strong>Start<\/strong>:\u00a0\u00a0\u00a0\u00a0\u00a0 \u00a0\u00a0\u00a0\u00a0\u00a0\u00a0\u00a0 9:00 Uhr, ab \/ an K\u00e4rnerstr.1, 08261 Sch\u00f6neck (! bitte zentralen IFA-Parkplatz nutzen)<br \/><strong>Hinweise: \u00a0\u00a0\u00a0\u00a0 \u201e<\/strong>Fr\u00fchlingsspaziergang mit dem Sachsenforst\u201c &#8211; <a href=\"https:\/\/www.fruehlingsspaziergang.sachsen.de\/\">https:\/\/www.fruehlingsspaziergang.sachsen.de\/<\/a><br \/>\u00a0\u00a0\u00a0\u00a0\u00a0\u00a0\u00a0\u00a0\u00a0\u00a0\u00a0\u00a0\u00a0\u00a0\u00a0\u00a0\u00a0\u00a0\u00a0\u00a0 \u00a0 mit Fahrrad \/ Mountainbike &#8211; kaum asphaltierte Strecken; von Sch\u00f6neck \u00fcber Talsperre Muldenberg zum Schneckenstein und zur\u00fcck; <br \/>\u00a0\u00a0\u00a0\u00a0\u00a0\u00a0\u00a0\u00a0\u00a0\u00a0\u00a0\u00a0\u00a0\u00a0\u00a0\u00a0\u00a0\u00a0\u00a0\u00a0\u00a0\u00a0 mit wundersch\u00f6nem Panoramablick auf die vogtl. W\u00e4lder von den Halden in Schneckenstein<br \/>\u00a0\u00a0\u00a0\u00a0\u00a0\u00a0\u00a0\u00a0\u00a0\u00a0\u00a0\u00a0\u00a0\u00a0\u00a0\u00a0\u00a0\u00a0\u00a0\u00a0\u00a0\u00a0 Rucksackverpflegung; Tour \u00fcber ca. 3 Std.; Anmeldung &#8211; bitte bis 26.06.2025<\/p>\n","protected":false},"excerpt":{"rendered":"<p>Titel: \u00a0\u00a0\u00a0\u00a0\u00a0\u00a0\u00a0\u00a0\u00a0\u00a0\u00a0\u00a0\u00a0 Fr\u00fchlings-MTB-RADwanderung &#8211; &#8222;\u00d6kologische Vielfalt des Landeswaldes&#8220;Termin:\u00a0 \u00a0 \u00a0 \u00a0 \u00a0 Mi, 22.04.2026 Veranstalter: Sachsenforst, Herr Paul Pietrock\u00a0\u00a0\u00a0\u00a0\u00a0\u00a0\u00a0\u00a0\u00a0\u00a0\u00a0\u00a0\u00a0\u00a0\u00a0\u00a0\u00a0\u00a0\u00a0\u00a0\u00a0 \u00a0weitere Info \u00fcber: Luisa L\u00fcttschwager (Sachbearbeiterin \u00d6ffentlichkeitsarbeit Forstbezirk Adorf), \u00a0\u00a0\u00a0\u00a0\u00a0\u00a0\u00a0\u00a0\u00a0\u00a0\u00a0\u00a0\u00a0\u00a0\u00a0\u00a0\u00a0\u00a0\u00a0\u00a0\u00a0\u00a0\u00a0 mobil: 0173 \/ 3717170; E-Mail: Luisa.Luettschwager@smekul.sachsen.de Strecke:\u00a0\u00a0\u00a0\u00a0 \u00a0\u00a0\u00a0 20 &#8211; 25 km gef\u00fchrtStart:\u00a0\u00a0\u00a0\u00a0\u00a0\u00a0 \u00a0\u00a0\u00a0\u00a0\u00a0\u00a0 17.00 Uhr Parkplatz Sommerrodelbahn M\u00fchlleithenHinweis: \u00a0\u00a0\u00a0\u00a0 \u00a0 mit dem Rad auf geeigneten [&hellip;]<\/p>\n","protected":false},"author":2,"featured_media":0,"comment_status":"open","ping_status":"closed","template":"","categories":[],"tags":[],"_links":{"self":[{"href":"https:\/\/www.vogtlandwandern.de\/neu2017\/wp-json\/wp\/v2\/event\/3252"}],"collection":[{"href":"https:\/\/www.vogtlandwandern.de\/neu2017\/wp-json\/wp\/v2\/event"}],"about":[{"href":"https:\/\/www.vogtlandwandern.de\/neu2017\/wp-json\/wp\/v2\/types\/event"}],"author":[{"embeddable":true,"href":"https:\/\/www.vogtlandwandern.de\/neu2017\/wp-json\/wp\/v2\/users\/2"}],"replies":[{"embeddable":true,"href":"https:\/\/www.vogtlandwandern.de\/neu2017\/wp-json\/wp\/v2\/comments?post=3252"}],"version-history":[{"count":3,"href":"https:\/\/www.vogtlandwandern.de\/neu2017\/wp-json\/wp\/v2\/event\/3252\/revisions"}],"predecessor-version":[{"id":3660,"href":"https:\/\/www.vogtlandwandern.de\/neu2017\/wp-json\/wp\/v2\/event\/3252\/revisions\/3660"}],"wp:attachment":[{"href":"https:\/\/www.vogtlandwandern.de\/neu2017\/wp-json\/wp\/v2\/media?parent=3252"}],"wp:term":[{"taxonomy":"category","embeddable":true,"href":"https:\/\/www.vogtlandwandern.de\/neu2017\/wp-json\/wp\/v2\/categories?post=3252"},{"taxonomy":"post_tag","embeddable":true,"href":"https:\/\/www.vogtlandwandern.de\/neu2017\/wp-json\/wp\/v2\/tags?post=3252"}],"curies":[{"name":"wp","href":"https:\/\/api.w.org\/{rel}","templated":true}]}}

Frühlings-RADwanderung &#8222;Ökologische Vielfalt des Landeswaldes&#8220;

<p><strong>Titel:</strong>               <strong><u>Frühlings-MTB-RADwanderung &#8211; &#8222;Ökologische Vielfalt des Landeswaldes&#8220;<br /></u></strong><strong><br />Termin:          Mi, 22.04.2026<br /></strong></p>
<p><strong>Veranstalter: </strong>Sachsenforst, Herr Paul Pietrock<br />                       weitere Info über: Luisa Lüttschwager (Sachbearbeiterin Öffentlichkeitsarbeit Forstbezirk Adorf), <br />                        mobil: 0173 / 3717170; E-Mail: <a href="mailto:Luisa.Luettschwager@smekul.sachsen.de">Luisa.Luettschwager@smekul.sachsen.de</a></p>
<p><strong>Strecke</strong>:         <strong>20 &#8211; 25 km</strong> geführt<br /><strong>Start:              </strong>17.00 Uhr Parkplatz Sommerrodelbahn Mühlleithen<br /><strong>Hinweis:</strong>        mit dem Rad auf geeigneten Wegen durch den Landeswald, Wissenswertes zum Beitrag der Förster zur Erhaltung / Steigerung <br />                       der ökologischen Vielfalt im Wald wird vermittelt, ca. 2,5 Std.<br />                        <strong>Anmeldung bitte bis: 20.04.2026</strong></p>
<p><strong> </strong></p>
<p><strong>Veranstalter</strong>: Sachsenforst, Herr David Neubert<br /><strong>                       </strong>weitere Info über: David Neubert (Sachbearbeiter Öffentlichkeitsarbeit Forstbezirk Adorf), mobil: 01733717170; <br />                       E-Mail: <a href="mailto:David.Neubert@smekul.sachsen.de">David.Neubert@smekul.sachsen.de</a><br /><strong>Strecke:         22 km</strong> geführte Montainbike-Tour<br /><strong>Start</strong>:              9:00 Uhr, ab / an Kärnerstr.1, 08261 Schöneck (! bitte zentralen IFA-Parkplatz nutzen)<br /><strong>Hinweise:      „</strong>Frühlingsspaziergang mit dem Sachsenforst“ &#8211; <a href="https://www.fruehlingsspaziergang.sachsen.de/">https://www.fruehlingsspaziergang.sachsen.de/</a><br />                       mit Fahrrad / Mountainbike &#8211; kaum asphaltierte Strecken; von Schöneck über Talsperre Muldenberg zum Schneckenstein und zurück; <br />                       mit wunderschönem Panoramablick auf die vogtl. Wälder von den Halden in Schneckenstein<br />                       Rucksackverpflegung; Tour über ca. 3 Std.; Anmeldung &#8211; bitte bis 26.06.2025</p>

<p>Titel:               Frühlings-MTB-RADwanderung &#8211; &#8222;Ökologische Vielfalt des Landeswaldes&#8220;Termin:          Mi, 22.04.2026 Veranstalter: Sachsenforst, Herr Paul Pietrock                       weitere Info über: Luisa Lüttschwager (Sachbearbeiterin Öffentlichkeitsarbeit Forstbezirk Adorf),                         mobil: 0173 / 3717170; E-Mail: Luisa.Luettschwager@smekul.sachsen.de Strecke:         20 &#8211; 25 km geführtStart:              17.00 Uhr Parkplatz Sommerrodelbahn MühlleithenHinweis:        mit dem Rad auf geeigneten [&hellip;]</p>
