{"id":3345,"date":"2025-02-11T21:49:51","date_gmt":"2025-02-11T20:49:51","guid":{"rendered":"https:\/\/www.vogtlandwandern.de\/neu2017\/?post_type=event&#038;p=3345"},"modified":"2026-01-01T20:02:41","modified_gmt":"2026-01-01T19:02:41","slug":"fackelwanderung","status":"publish","type":"event","link":"https:\/\/www.vogtlandwandern.de\/neu2017\/event\/fackelwanderung\/","title":{"rendered":"Fackelwanderung"},"content":{"rendered":"<p><strong><em>Titel:<\/em>\u00a0 <u>Klingenthaler Fackelwanderung mit Weihnachtsbaumverbrennen<\/p>\n<p><\/u><em>Termin:<\/em> Fr, 30.01.2026<br \/>Veranstalter:\u00a0 <\/strong>Klingenthaler Wandersportverein e.V., Peter Meisel, 08248 Klingenthal, Auerbacher Str. 114, Tel.\/Fax +4937467 7011 \/ 20802; E-Mail: <a href=\"mailto:p.meisel@klingenthalerwandersportverein.de\">info@klingenthalerwandersportverein.de<\/a> <br \/>Freiwillige Feuerwehr Klingenthal und\u00a0 Gastst\u00e4tte &#8222;Zum Sportlerwirt&#8220;<\/p>\n<p><strong>Strecken:<\/strong>\u00a0<br \/><strong>2,5 km Familienwanderung mit Spiel und Spa\u00df. <\/strong>f\u00fcr Kinder gibt`s am Meiselteich eine \u00dcberraschung<br \/>Fackeln k\u00f6nnen am <strong>Start (18 Uhr)<\/strong> k\u00e4uflich erworben werden<\/p>\n<p><strong>Ziel: <\/strong>am &#8222;Sportlerwirt&#8220;\u00a0 <br \/><strong>Hinweis: <\/strong>Parkpl\u00e4tze vorhanden; am Ziel kostenpflichtige Imbissversorgung<\/p>\n","protected":false},"excerpt":{"rendered":"<p>Titel:\u00a0 Klingenthaler Fackelwanderung mit Weihnachtsbaumverbrennen Termin: Fr, 30.01.2026Veranstalter:\u00a0 Klingenthaler Wandersportverein e.V., Peter Meisel, 08248 Klingenthal, Auerbacher Str. 114, Tel.\/Fax +4937467 7011 \/ 20802; E-Mail: info@klingenthalerwandersportverein.de Freiwillige Feuerwehr Klingenthal und\u00a0 Gastst\u00e4tte &#8222;Zum Sportlerwirt&#8220; Strecken:\u00a02,5 km Familienwanderung mit Spiel und Spa\u00df. f\u00fcr Kinder gibt`s am Meiselteich eine \u00dcberraschungFackeln k\u00f6nnen am Start (18 Uhr) k\u00e4uflich erworben werden Ziel: [&hellip;]<\/p>\n","protected":false},"author":2,"featured_media":0,"comment_status":"open","ping_status":"closed","template":"","categories":[],"tags":[],"_links":{"self":[{"href":"https:\/\/www.vogtlandwandern.de\/neu2017\/wp-json\/wp\/v2\/event\/3345"}],"collection":[{"href":"https:\/\/www.vogtlandwandern.de\/neu2017\/wp-json\/wp\/v2\/event"}],"about":[{"href":"https:\/\/www.vogtlandwandern.de\/neu2017\/wp-json\/wp\/v2\/types\/event"}],"author":[{"embeddable":true,"href":"https:\/\/www.vogtlandwandern.de\/neu2017\/wp-json\/wp\/v2\/users\/2"}],"replies":[{"embeddable":true,"href":"https:\/\/www.vogtlandwandern.de\/neu2017\/wp-json\/wp\/v2\/comments?post=3345"}],"version-history":[{"count":2,"href":"https:\/\/www.vogtlandwandern.de\/neu2017\/wp-json\/wp\/v2\/event\/3345\/revisions"}],"predecessor-version":[{"id":3693,"href":"https:\/\/www.vogtlandwandern.de\/neu2017\/wp-json\/wp\/v2\/event\/3345\/revisions\/3693"}],"wp:attachment":[{"href":"https:\/\/www.vogtlandwandern.de\/neu2017\/wp-json\/wp\/v2\/media?parent=3345"}],"wp:term":[{"taxonomy":"category","embeddable":true,"href":"https:\/\/www.vogtlandwandern.de\/neu2017\/wp-json\/wp\/v2\/categories?post=3345"},{"taxonomy":"post_tag","embeddable":true,"href":"https:\/\/www.vogtlandwandern.de\/neu2017\/wp-json\/wp\/v2\/tags?post=3345"}],"curies":[{"name":"wp","href":"https:\/\/api.w.org\/{rel}","templated":true}]}}

<p><strong><em>Titel:</em>  <u>Klingenthaler Fackelwanderung mit Weihnachtsbaumverbrennen</p>
<p></u><em>Termin:</em> Fr, 30.01.2026<br />Veranstalter:  </strong>Klingenthaler Wandersportverein e.V., Peter Meisel, 08248 Klingenthal, Auerbacher Str. 114, Tel./Fax +4937467 7011 / 20802; E-Mail: <a href="mailto:p.meisel@klingenthalerwandersportverein.de">info@klingenthalerwandersportverein.de</a> <br />Freiwillige Feuerwehr Klingenthal und  Gaststätte &#8222;Zum Sportlerwirt&#8220;</p>
<p><strong>Strecken:</strong> <br /><strong>2,5 km Familienwanderung mit Spiel und Spaß. </strong>für Kinder gibt`s am Meiselteich eine Überraschung<br />Fackeln können am <strong>Start (18 Uhr)</strong> käuflich erworben werden</p>
<p><strong>Ziel: </strong>am &#8222;Sportlerwirt&#8220;  <br /><strong>Hinweis: </strong>Parkplätze vorhanden; am Ziel kostenpflichtige Imbissversorgung</p>

<p>Titel:  Klingenthaler Fackelwanderung mit Weihnachtsbaumverbrennen Termin: Fr, 30.01.2026Veranstalter:  Klingenthaler Wandersportverein e.V., Peter Meisel, 08248 Klingenthal, Auerbacher Str. 114, Tel./Fax +4937467 7011 / 20802; E-Mail: info@klingenthalerwandersportverein.de Freiwillige Feuerwehr Klingenthal und  Gaststätte &#8222;Zum Sportlerwirt&#8220; Strecken: 2,5 km Familienwanderung mit Spiel und Spaß. für Kinder gibt`s am Meiselteich eine ÜberraschungFackeln können am Start (18 Uhr) käuflich erworben werden Ziel: [&hellip;]</p>
