{"id":3491,"date":"2025-10-06T19:17:55","date_gmt":"2025-10-06T17:17:55","guid":{"rendered":"https:\/\/www.vogtlandwandern.de\/neu2017\/?post_type=event&#038;p=3491"},"modified":"2025-10-06T19:17:55","modified_gmt":"2025-10-06T17:17:55","slug":"kurztour-zum-leppig-gedenkstein","status":"publish","type":"event","link":"https:\/\/www.vogtlandwandern.de\/neu2017\/event\/kurztour-zum-leppig-gedenkstein\/","title":{"rendered":"Kurztour zum Leppig-Gedenkstein"},"content":{"rendered":"<p><strong>Titel: \u00a0\u00a0\u00a0\u00a0\u00a0\u00a0\u00a0\u00a0\u00a0\u00a0\u00a0\u00a0\u00a0 <u>Kurztour zur Einweihung des Leppig-Gedenksteins<br \/><\/u><\/strong><strong>Termin:\u00a0\u00a0\u00a0\u00a0\u00a0\u00a0\u00a0\u00a0\u00a0 So, 19.10.2025 <\/strong><\/p>\n<p><strong>Veranstalter:<\/strong>\u00a0 Heimatf\u00f6rderverein Oelsnitz\/Vogtl. e.V.; <a href=\"https:\/\/www.heimatfoerderverein-oelsnitz.de\/contentlist\/aktuelles\/start0\/sel367.html\">https:\/\/www.heimatfoerderverein-oelsnitz.de\/contentlist\/aktuelles\/start0\/sel367.html<\/a><br \/><strong>Strecke:<\/strong>\u00a0 \u00a0 \u00a0 \u00a0 \u00a0<strong>3 km<\/strong>, gef\u00fchrt <strong>\u00a0\u00a0\u00a0\u00a0\u00a0\u00a0\u00a0\u00a0 <br \/><\/strong><strong>Start:<\/strong>\u00a0 \u00a0 \u00a0 \u00a0 \u00a0 \u00a0 \u00a0 14:30 Uhr in der Finkenburgstra\u00dfe, 08606 Oelsnitz \/ V., Weg am Eingang zum R\u00f6hrholz\u00a0<br \/><strong>Ziel:<\/strong> \u00a0\u00a0 \u00a0\u00a0\u00a0\u00a0\u00a0\u00a0\u00a0\u00a0\u00a0\u00a0\u00a0 ca. 16.00 Uhr wie Startort<br \/><strong>Hinweis:<\/strong>\u00a0 \u00a0 \u00a0 \u00a0 der Heimatf\u00f6rderveien Oelsnitz\/V. e.V. l\u00e4dt zur feierlichen Er\u00f6ffnung des Gedenksteins ein (15 Uhr am Gedenkort) &#8211; &#8222;&#8230; Max Leppig war erster Wegemeister des \u201eBr\u00fcchnerischen Versch\u00f6nerungs- und Touristenvereins\u201c und in dieser Funktion einer der entscheidenden Figuren bei der Erschlie\u00dfung des R\u00f6hrholzes als Stadtwald und Naherholungszentrum. &#8230;&#8220; so der Heimatf\u00f6rderverein.<\/p>\n","protected":false},"excerpt":{"rendered":"<p>Titel: \u00a0\u00a0\u00a0\u00a0\u00a0\u00a0\u00a0\u00a0\u00a0\u00a0\u00a0\u00a0\u00a0 Kurztour zur Einweihung des Leppig-GedenksteinsTermin:\u00a0\u00a0\u00a0\u00a0\u00a0\u00a0\u00a0\u00a0\u00a0 So, 19.10.2025 Veranstalter:\u00a0 Heimatf\u00f6rderverein Oelsnitz\/Vogtl. e.V.; https:\/\/www.heimatfoerderverein-oelsnitz.de\/contentlist\/aktuelles\/start0\/sel367.htmlStrecke:\u00a0 \u00a0 \u00a0 \u00a0 \u00a03 km, gef\u00fchrt \u00a0\u00a0\u00a0\u00a0\u00a0\u00a0\u00a0\u00a0 Start:\u00a0 \u00a0 \u00a0 \u00a0 \u00a0 \u00a0 \u00a0 14:30 Uhr in der Finkenburgstra\u00dfe, 08606 Oelsnitz \/ V., Weg am Eingang zum R\u00f6hrholz\u00a0Ziel: \u00a0\u00a0 \u00a0\u00a0\u00a0\u00a0\u00a0\u00a0\u00a0\u00a0\u00a0\u00a0\u00a0 ca. 16.00 Uhr wie StartortHinweis:\u00a0 \u00a0 \u00a0 \u00a0 der Heimatf\u00f6rderveien Oelsnitz\/V. [&hellip;]<\/p>\n","protected":false},"author":2,"featured_media":0,"comment_status":"open","ping_status":"closed","template":"","categories":[],"tags":[],"_links":{"self":[{"href":"https:\/\/www.vogtlandwandern.de\/neu2017\/wp-json\/wp\/v2\/event\/3491"}],"collection":[{"href":"https:\/\/www.vogtlandwandern.de\/neu2017\/wp-json\/wp\/v2\/event"}],"about":[{"href":"https:\/\/www.vogtlandwandern.de\/neu2017\/wp-json\/wp\/v2\/types\/event"}],"author":[{"embeddable":true,"href":"https:\/\/www.vogtlandwandern.de\/neu2017\/wp-json\/wp\/v2\/users\/2"}],"replies":[{"embeddable":true,"href":"https:\/\/www.vogtlandwandern.de\/neu2017\/wp-json\/wp\/v2\/comments?post=3491"}],"version-history":[{"count":1,"href":"https:\/\/www.vogtlandwandern.de\/neu2017\/wp-json\/wp\/v2\/event\/3491\/revisions"}],"predecessor-version":[{"id":3492,"href":"https:\/\/www.vogtlandwandern.de\/neu2017\/wp-json\/wp\/v2\/event\/3491\/revisions\/3492"}],"wp:attachment":[{"href":"https:\/\/www.vogtlandwandern.de\/neu2017\/wp-json\/wp\/v2\/media?parent=3491"}],"wp:term":[{"taxonomy":"category","embeddable":true,"href":"https:\/\/www.vogtlandwandern.de\/neu2017\/wp-json\/wp\/v2\/categories?post=3491"},{"taxonomy":"post_tag","embeddable":true,"href":"https:\/\/www.vogtlandwandern.de\/neu2017\/wp-json\/wp\/v2\/tags?post=3491"}],"curies":[{"name":"wp","href":"https:\/\/api.w.org\/{rel}","templated":true}]}}

<p><strong>Titel:               <u>Kurztour zur Einweihung des Leppig-Gedenksteins<br /></u></strong><strong>Termin:          So, 19.10.2025 </strong></p>
<p><strong>Veranstalter:</strong>  Heimatförderverein Oelsnitz/Vogtl. e.V.; <a href="https://www.heimatfoerderverein-oelsnitz.de/contentlist/aktuelles/start0/sel367.html">https://www.heimatfoerderverein-oelsnitz.de/contentlist/aktuelles/start0/sel367.html</a><br /><strong>Strecke:</strong>         <strong>3 km</strong>, geführt <strong>         <br /></strong><strong>Start:</strong>              14:30 Uhr in der Finkenburgstraße, 08606 Oelsnitz / V., Weg am Eingang zum Röhrholz <br /><strong>Ziel:</strong>                ca. 16.00 Uhr wie Startort<br /><strong>Hinweis:</strong>        der Heimatförderveien Oelsnitz/V. e.V. lädt zur feierlichen Eröffnung des Gedenksteins ein (15 Uhr am Gedenkort) &#8211; &#8222;&#8230; Max Leppig war erster Wegemeister des „Brüchnerischen Verschönerungs- und Touristenvereins“ und in dieser Funktion einer der entscheidenden Figuren bei der Erschließung des Röhrholzes als Stadtwald und Naherholungszentrum. &#8230;&#8220; so der Heimatförderverein.</p>

<p>Titel:               Kurztour zur Einweihung des Leppig-GedenksteinsTermin:          So, 19.10.2025 Veranstalter:  Heimatförderverein Oelsnitz/Vogtl. e.V.; https://www.heimatfoerderverein-oelsnitz.de/contentlist/aktuelles/start0/sel367.htmlStrecke:         3 km, geführt          Start:              14:30 Uhr in der Finkenburgstraße, 08606 Oelsnitz / V., Weg am Eingang zum Röhrholz Ziel:                ca. 16.00 Uhr wie StartortHinweis:        der Heimatförderveien Oelsnitz/V. [&hellip;]</p>
