{"id":3536,"date":"2025-11-22T11:30:01","date_gmt":"2025-11-22T10:30:01","guid":{"rendered":"https:\/\/www.vogtlandwandern.de\/neu2017\/?post_type=event&#038;p=3536"},"modified":"2025-11-22T11:30:01","modified_gmt":"2025-11-22T10:30:01","slug":"zum-muehlteich-am-tag-des-baumes","status":"publish","type":"event","link":"https:\/\/www.vogtlandwandern.de\/neu2017\/event\/zum-muehlteich-am-tag-des-baumes\/","title":{"rendered":"Zum M\u00fchlteich &#8211; am Tag des Baumes"},"content":{"rendered":"<p><strong>Titel: \u00a0\u00a0\u00a0\u00a0\u00a0\u00a0\u00a0\u00a0\u00a0\u00a0\u00a0\u00a0\u00a0 <u>Zum M\u00fchlteich &#8211; am Tag des Baumes<br \/><\/u><\/strong><strong>Termin:<\/strong> \u00a0\u00a0\u00a0\u00a0 \u00a0\u00a0\u00a0 <strong>Sa, 25.04.2026<br \/><\/strong><strong>Veranstalter:\u00a0 <\/strong>Wanderfalken der VSG Rodewisch e.V., <br \/>Wanderleiter Stefan Kahle, mobil: 015750160464, E-Mail: <a href=\"mailto:stefan.kahle.reichenbach@t-online.de%20\">stefan.kahle.reichenbach@t-online.de <\/a><\/p>\n<p><strong>Strecke<\/strong>:\u00a0\u00a0\u00a0\u00a0\u00a0\u00a0\u00a0\u00a0\u00a0 <strong>24 km gef\u00fchrt<\/strong> (320 Hm): Lengenfeld &#8211; Waldkirchen &#8211; Hauptmannsgr\u00fcn &#8211; Sch\u00f6nbrunn &#8211; Wei\u00dfensand &#8211; Lengenfeld\u00a0<strong> <br \/><\/strong><\/p>\n<p><strong>Start:<\/strong> \u00a0\u00a0\u00a0\u00a0 \u00a0\u00a0\u00a0\u00a0\u00a0\u00a0\u00a0 9.00 Uhr, Parkplatz Polenzstra\u00dfe, Ecke Hauptstra\u00dfe Waldkirchen, f\u00fcrs Navi: Polenzstra\u00dfe 122, 08485 Lengenfeld<br \/><strong>Hinweis:<\/strong> \u00a0\u00a0\u00a0\u00a0\u00a0\u00a0\u00a0 Verpflegung aus dem Rucksack,\u00a0 <em><a href=\"http:\/\/www.vsg-rodewisch.de\">http:\/\/www.vsg-rodewisch.de<\/a><br \/><\/em><strong>Kosten:\u00a0\u00a0\u00a0\u00a0\u00a0\u00a0\u00a0\u00a0\u00a0 <\/strong>2 \u20ac Startgeld<em><br \/><\/em><em>\u00a0\u00a0<\/em><\/p>\n","protected":false},"excerpt":{"rendered":"<p>Titel: \u00a0\u00a0\u00a0\u00a0\u00a0\u00a0\u00a0\u00a0\u00a0\u00a0\u00a0\u00a0\u00a0 Zum M\u00fchlteich &#8211; am Tag des BaumesTermin: \u00a0\u00a0\u00a0\u00a0 \u00a0\u00a0\u00a0 Sa, 25.04.2026Veranstalter:\u00a0 Wanderfalken der VSG Rodewisch e.V., Wanderleiter Stefan Kahle, mobil: 015750160464, E-Mail: stefan.kahle.reichenbach@t-online.de Strecke:\u00a0\u00a0\u00a0\u00a0\u00a0\u00a0\u00a0\u00a0\u00a0 24 km gef\u00fchrt (320 Hm): Lengenfeld &#8211; Waldkirchen &#8211; Hauptmannsgr\u00fcn &#8211; Sch\u00f6nbrunn &#8211; Wei\u00dfensand &#8211; Lengenfeld\u00a0 Start: \u00a0\u00a0\u00a0\u00a0 \u00a0\u00a0\u00a0\u00a0\u00a0\u00a0\u00a0 9.00 Uhr, Parkplatz Polenzstra\u00dfe, Ecke Hauptstra\u00dfe Waldkirchen, f\u00fcrs Navi: Polenzstra\u00dfe [&hellip;]<\/p>\n","protected":false},"author":2,"featured_media":0,"comment_status":"open","ping_status":"closed","template":"","categories":[],"tags":[],"_links":{"self":[{"href":"https:\/\/www.vogtlandwandern.de\/neu2017\/wp-json\/wp\/v2\/event\/3536"}],"collection":[{"href":"https:\/\/www.vogtlandwandern.de\/neu2017\/wp-json\/wp\/v2\/event"}],"about":[{"href":"https:\/\/www.vogtlandwandern.de\/neu2017\/wp-json\/wp\/v2\/types\/event"}],"author":[{"embeddable":true,"href":"https:\/\/www.vogtlandwandern.de\/neu2017\/wp-json\/wp\/v2\/users\/2"}],"replies":[{"embeddable":true,"href":"https:\/\/www.vogtlandwandern.de\/neu2017\/wp-json\/wp\/v2\/comments?post=3536"}],"version-history":[{"count":1,"href":"https:\/\/www.vogtlandwandern.de\/neu2017\/wp-json\/wp\/v2\/event\/3536\/revisions"}],"predecessor-version":[{"id":3537,"href":"https:\/\/www.vogtlandwandern.de\/neu2017\/wp-json\/wp\/v2\/event\/3536\/revisions\/3537"}],"wp:attachment":[{"href":"https:\/\/www.vogtlandwandern.de\/neu2017\/wp-json\/wp\/v2\/media?parent=3536"}],"wp:term":[{"taxonomy":"category","embeddable":true,"href":"https:\/\/www.vogtlandwandern.de\/neu2017\/wp-json\/wp\/v2\/categories?post=3536"},{"taxonomy":"post_tag","embeddable":true,"href":"https:\/\/www.vogtlandwandern.de\/neu2017\/wp-json\/wp\/v2\/tags?post=3536"}],"curies":[{"name":"wp","href":"https:\/\/api.w.org\/{rel}","templated":true}]}}

Zum Mühlteich &#8211; am Tag des Baumes

<p><strong>Titel:               <u>Zum Mühlteich &#8211; am Tag des Baumes<br /></u></strong><strong>Termin:</strong>          <strong>Sa, 25.04.2026<br /></strong><strong>Veranstalter:  </strong>Wanderfalken der VSG Rodewisch e.V., <br />Wanderleiter Stefan Kahle, mobil: 015750160464, E-Mail: <a href="mailto:stefan.kahle.reichenbach@t-online.de%20">stefan.kahle.reichenbach@t-online.de </a></p>
<p><strong>Strecke</strong>:          <strong>24 km geführt</strong> (320 Hm): Lengenfeld &#8211; Waldkirchen &#8211; Hauptmannsgrün &#8211; Schönbrunn &#8211; Weißensand &#8211; Lengenfeld <strong> <br /></strong></p>
<p><strong>Start:</strong>              9.00 Uhr, Parkplatz Polenzstraße, Ecke Hauptstraße Waldkirchen, fürs Navi: Polenzstraße 122, 08485 Lengenfeld<br /><strong>Hinweis:</strong>         Verpflegung aus dem Rucksack,  <em><a href="http://www.vsg-rodewisch.de">http://www.vsg-rodewisch.de</a><br /></em><strong>Kosten:          </strong>2 € Startgeld<em><br /></em><em>  </em></p>

<p>Titel:               Zum Mühlteich &#8211; am Tag des BaumesTermin:          Sa, 25.04.2026Veranstalter:  Wanderfalken der VSG Rodewisch e.V., Wanderleiter Stefan Kahle, mobil: 015750160464, E-Mail: stefan.kahle.reichenbach@t-online.de Strecke:          24 km geführt (320 Hm): Lengenfeld &#8211; Waldkirchen &#8211; Hauptmannsgrün &#8211; Schönbrunn &#8211; Weißensand &#8211; Lengenfeld  Start:              9.00 Uhr, Parkplatz Polenzstraße, Ecke Hauptstraße Waldkirchen, fürs Navi: Polenzstraße [&hellip;]</p>
