{"id":3541,"date":"2025-11-22T11:43:30","date_gmt":"2025-11-22T10:43:30","guid":{"rendered":"https:\/\/www.vogtlandwandern.de\/neu2017\/?post_type=event&#038;p=3541"},"modified":"2025-11-22T11:43:30","modified_gmt":"2025-11-22T10:43:30","slug":"waldraender-bei-eich","status":"publish","type":"event","link":"https:\/\/www.vogtlandwandern.de\/neu2017\/event\/waldraender-bei-eich\/","title":{"rendered":"Waldr\u00e4nder bei Eich"},"content":{"rendered":"<p><strong>Titel: \u00a0\u00a0\u00a0\u00a0\u00a0\u00a0\u00a0\u00a0\u00a0\u00a0\u00a0\u00a0\u00a0 <u>Waldr\u00e4nder bei Eich<br \/><\/u><\/strong><strong>Termin:<\/strong> \u00a0\u00a0\u00a0\u00a0 \u00a0\u00a0\u00a0 <strong>Sa, 14.11.2026<br \/><\/strong><strong>Veranstalter:\u00a0 <\/strong>Wanderfalken der VSG Rodewisch e.V., <br \/>Wanderleiter Stefan Kahle, mobil: 015750160464, E-Mail: <a href=\"mailto:stefan.kahle.reichenbach@t-online.de%20\">stefan.kahle.reichenbach@t-online.de <\/a><\/p>\n<p><strong>Strecke<\/strong>:\u00a0\u00a0\u00a0\u00a0\u00a0\u00a0\u00a0\u00a0\u00a0 <strong>22 km gef\u00fchrt<\/strong> (340 Hm): Rebesgr\u00fcn &#8211; Schreiersgr\u00fcn &#8211; Wilhelmsh\u00f6he &#8211; Eich &#8211; Rodewisch &#8211; Rebesgr\u00fcn\u00a0<strong> <br \/><\/strong><\/p>\n<p><strong>Start:<\/strong> \u00a0\u00a0\u00a0\u00a0 \u00a0\u00a0\u00a0\u00a0\u00a0\u00a0\u00a0 9.00 Uhr, Parkplatz Ecke Hauptstr. \/ Rodewischer Str. in Rebesgr\u00fcn, f\u00fcrs Navi: Hauptstra\u00dfe 76, 08209 Auerbach \/ Rebesgr\u00fcn<br \/><strong>Hinweis:<\/strong> \u00a0\u00a0\u00a0\u00a0\u00a0\u00a0\u00a0 Verpflegung aus dem Rucksack,\u00a0 <em><a href=\"http:\/\/www.vsg-rodewisch.de\">http:\/\/www.vsg-rodewisch.de<\/a><br \/><\/em><strong>Kosten:\u00a0\u00a0\u00a0\u00a0\u00a0\u00a0\u00a0\u00a0\u00a0 <\/strong>2 \u20ac Startgeld<em><br \/><\/em><em>\u00a0\u00a0<\/em><\/p>\n","protected":false},"excerpt":{"rendered":"<p>Titel: \u00a0\u00a0\u00a0\u00a0\u00a0\u00a0\u00a0\u00a0\u00a0\u00a0\u00a0\u00a0\u00a0 Waldr\u00e4nder bei EichTermin: \u00a0\u00a0\u00a0\u00a0 \u00a0\u00a0\u00a0 Sa, 14.11.2026Veranstalter:\u00a0 Wanderfalken der VSG Rodewisch e.V., Wanderleiter Stefan Kahle, mobil: 015750160464, E-Mail: stefan.kahle.reichenbach@t-online.de Strecke:\u00a0\u00a0\u00a0\u00a0\u00a0\u00a0\u00a0\u00a0\u00a0 22 km gef\u00fchrt (340 Hm): Rebesgr\u00fcn &#8211; Schreiersgr\u00fcn &#8211; Wilhelmsh\u00f6he &#8211; Eich &#8211; Rodewisch &#8211; Rebesgr\u00fcn\u00a0 Start: \u00a0\u00a0\u00a0\u00a0 \u00a0\u00a0\u00a0\u00a0\u00a0\u00a0\u00a0 9.00 Uhr, Parkplatz Ecke Hauptstr. \/ Rodewischer Str. in Rebesgr\u00fcn, f\u00fcrs Navi: Hauptstra\u00dfe 76, [&hellip;]<\/p>\n","protected":false},"author":2,"featured_media":0,"comment_status":"open","ping_status":"closed","template":"","categories":[],"tags":[],"_links":{"self":[{"href":"https:\/\/www.vogtlandwandern.de\/neu2017\/wp-json\/wp\/v2\/event\/3541"}],"collection":[{"href":"https:\/\/www.vogtlandwandern.de\/neu2017\/wp-json\/wp\/v2\/event"}],"about":[{"href":"https:\/\/www.vogtlandwandern.de\/neu2017\/wp-json\/wp\/v2\/types\/event"}],"author":[{"embeddable":true,"href":"https:\/\/www.vogtlandwandern.de\/neu2017\/wp-json\/wp\/v2\/users\/2"}],"replies":[{"embeddable":true,"href":"https:\/\/www.vogtlandwandern.de\/neu2017\/wp-json\/wp\/v2\/comments?post=3541"}],"version-history":[{"count":1,"href":"https:\/\/www.vogtlandwandern.de\/neu2017\/wp-json\/wp\/v2\/event\/3541\/revisions"}],"predecessor-version":[{"id":3542,"href":"https:\/\/www.vogtlandwandern.de\/neu2017\/wp-json\/wp\/v2\/event\/3541\/revisions\/3542"}],"wp:attachment":[{"href":"https:\/\/www.vogtlandwandern.de\/neu2017\/wp-json\/wp\/v2\/media?parent=3541"}],"wp:term":[{"taxonomy":"category","embeddable":true,"href":"https:\/\/www.vogtlandwandern.de\/neu2017\/wp-json\/wp\/v2\/categories?post=3541"},{"taxonomy":"post_tag","embeddable":true,"href":"https:\/\/www.vogtlandwandern.de\/neu2017\/wp-json\/wp\/v2\/tags?post=3541"}],"curies":[{"name":"wp","href":"https:\/\/api.w.org\/{rel}","templated":true}]}}

Waldränder bei Eich

<p><strong>Titel:               <u>Waldränder bei Eich<br /></u></strong><strong>Termin:</strong>          <strong>Sa, 14.11.2026<br /></strong><strong>Veranstalter:  </strong>Wanderfalken der VSG Rodewisch e.V., <br />Wanderleiter Stefan Kahle, mobil: 015750160464, E-Mail: <a href="mailto:stefan.kahle.reichenbach@t-online.de%20">stefan.kahle.reichenbach@t-online.de </a></p>
<p><strong>Strecke</strong>:          <strong>22 km geführt</strong> (340 Hm): Rebesgrün &#8211; Schreiersgrün &#8211; Wilhelmshöhe &#8211; Eich &#8211; Rodewisch &#8211; Rebesgrün <strong> <br /></strong></p>
<p><strong>Start:</strong>              9.00 Uhr, Parkplatz Ecke Hauptstr. / Rodewischer Str. in Rebesgrün, fürs Navi: Hauptstraße 76, 08209 Auerbach / Rebesgrün<br /><strong>Hinweis:</strong>         Verpflegung aus dem Rucksack,  <em><a href="http://www.vsg-rodewisch.de">http://www.vsg-rodewisch.de</a><br /></em><strong>Kosten:          </strong>2 € Startgeld<em><br /></em><em>  </em></p>

<p>Titel:               Waldränder bei EichTermin:          Sa, 14.11.2026Veranstalter:  Wanderfalken der VSG Rodewisch e.V., Wanderleiter Stefan Kahle, mobil: 015750160464, E-Mail: stefan.kahle.reichenbach@t-online.de Strecke:          22 km geführt (340 Hm): Rebesgrün &#8211; Schreiersgrün &#8211; Wilhelmshöhe &#8211; Eich &#8211; Rodewisch &#8211; Rebesgrün  Start:              9.00 Uhr, Parkplatz Ecke Hauptstr. / Rodewischer Str. in Rebesgrün, fürs Navi: Hauptstraße 76, [&hellip;]</p>
