{"id":3573,"date":"2025-11-28T17:36:26","date_gmt":"2025-11-28T16:36:26","guid":{"rendered":"https:\/\/www.vogtlandwandern.de\/neu2017\/?post_type=event&#038;p=3573"},"modified":"2026-02-18T17:47:02","modified_gmt":"2026-02-18T16:47:02","slug":"fruehlingstreffen-der-wanderer-der-karlsbader-region-2","status":"publish","type":"event","link":"https:\/\/www.vogtlandwandern.de\/neu2017\/event\/fruehlingstreffen-der-wanderer-der-karlsbader-region-2\/","title":{"rendered":"Fr\u00fchlingstreffen der Wanderer der Karlsbader Region"},"content":{"rendered":"<p><strong>Titel:\u00a0\u00a0 \u00a0\u00a0\u00a0\u00a0\u00a0\u00a0\u00a0\u00a0\u00a0\u00a0 <u>Fr\u00fchlingstreffen der Wanderer der Karlsbader Region 2026<\/u><\/strong><\/p>\n<p><strong>Termin:\u00a0\u00a0\u00a0\u00a0\u00a0\u00a0\u00a0\u00a0\u00a0 Sa, 21.03.2026<\/strong><\/p>\n<p><strong>Veranstalter:\u00a0 <\/strong>Stadt Plesn\u00e1 und Klub \u010desk\u00fdch turist\u016f, odbor Union Cheb;\u00a0E-Mail: <a href=\"mailto:infocentrum@mestoplesna.cz\">infocentrum@mestoplesna.cz<\/a><\/p>\n<p><strong>Strecken:\u00a0 \u00a0 \u00a0 <\/strong>Auswahl aus mehreren Routen, 5\u201317 km oder individuell\u00a0\u00a0<br \/><strong>Start: <\/strong>\u00a0\u00a0\u00a0\u00a0\u00a0\u00a0\u00a0\u00a0\u00a0\u00a0\u00a0 beliebig \u2013 Zielwanderung \u2026 aktuell unter <a href=\"http:\/\/www.vogtlandwandern.de\">www.vogtlandwandern.de<\/a><br \/><strong>8,5 km<\/strong> (gef\u00fchrt) mit dem Klingenthaler Wandersportverein ab Landw\u00fcst (Bushaltestelle) &#8211; Anreise mit dem Sonderbus ab Klingenthal nach Landw\u00fcst, R\u00fcckfahrt dann ab Plesna direkt nach Klingenthal<br \/><strong>Ziel: \u00a0\u00a0\u00a0\u00a0\u00a0\u00a0\u00a0\u00a0\u00a0\u00a0\u00a0\u00a0\u00a0\u00a0 <\/strong> Gel\u00e4nde hinter dem Museum, 5. kv\u011btna 44, 35135 Plesn\u00e1; GPS: 50.2195589N, 12.3467003E<\/p>\n<p><strong>Hinweise:<\/strong> \u00a0\u00a0\u00a0\u00a0 Das \u00f6rtliche Museum und die Galerie Tosta laden zur Besichtigung ein, Bewirtung und Live-Musik am Ziel; f\u00fcr die Teilnahme mit dem Klingenthaler Wandersportverein e.V. (siehe Kontakt des KWSV-Vereins, bzw. <a href=\"info@klingenthalerwandersportverein.de\">info@klingenthalerwandersportverein.de<\/a> ) ist <strong>unbedingt eine Anmeldung<\/strong> erforderlich, weitere Strecken aktuell auf <a href=\"http:\/\/www.vogtlandwandern.de\">www.vogtlandwandern.de<\/a><\/p>\n<p>Ausschreibung &#8211; siehe Flyer: <img decoding=\"async\" loading=\"lazy\" class=\"alignnone size-medium wp-image-3734\" src=\"https:\/\/www.vogtlandwandern.de\/neu2017\/wp-content\/uploads\/2025\/11\/CZ-D-Wandetreffen-in-Plesna-am-21.03.-210x300.jpg\" alt=\"\" width=\"210\" height=\"300\" \/><\/p>\n","protected":false},"excerpt":{"rendered":"<p>Titel:\u00a0\u00a0 \u00a0\u00a0\u00a0\u00a0\u00a0\u00a0\u00a0\u00a0\u00a0\u00a0 Fr\u00fchlingstreffen der Wanderer der Karlsbader Region 2026 Termin:\u00a0\u00a0\u00a0\u00a0\u00a0\u00a0\u00a0\u00a0\u00a0 Sa, 21.03.2026 Veranstalter:\u00a0 Stadt Plesn\u00e1 und Klub \u010desk\u00fdch turist\u016f, odbor Union Cheb;\u00a0E-Mail: infocentrum@mestoplesna.cz Strecken:\u00a0 \u00a0 \u00a0 Auswahl aus mehreren Routen, 5\u201317 km oder individuell\u00a0\u00a0Start: \u00a0\u00a0\u00a0\u00a0\u00a0\u00a0\u00a0\u00a0\u00a0\u00a0\u00a0 beliebig \u2013 Zielwanderung \u2026 aktuell unter www.vogtlandwandern.de8,5 km (gef\u00fchrt) mit dem Klingenthaler Wandersportverein ab Landw\u00fcst (Bushaltestelle) &#8211; Anreise mit dem [&hellip;]<\/p>\n","protected":false},"author":2,"featured_media":0,"comment_status":"open","ping_status":"closed","template":"","categories":[],"tags":[],"_links":{"self":[{"href":"https:\/\/www.vogtlandwandern.de\/neu2017\/wp-json\/wp\/v2\/event\/3573"}],"collection":[{"href":"https:\/\/www.vogtlandwandern.de\/neu2017\/wp-json\/wp\/v2\/event"}],"about":[{"href":"https:\/\/www.vogtlandwandern.de\/neu2017\/wp-json\/wp\/v2\/types\/event"}],"author":[{"embeddable":true,"href":"https:\/\/www.vogtlandwandern.de\/neu2017\/wp-json\/wp\/v2\/users\/2"}],"replies":[{"embeddable":true,"href":"https:\/\/www.vogtlandwandern.de\/neu2017\/wp-json\/wp\/v2\/comments?post=3573"}],"version-history":[{"count":2,"href":"https:\/\/www.vogtlandwandern.de\/neu2017\/wp-json\/wp\/v2\/event\/3573\/revisions"}],"predecessor-version":[{"id":3735,"href":"https:\/\/www.vogtlandwandern.de\/neu2017\/wp-json\/wp\/v2\/event\/3573\/revisions\/3735"}],"wp:attachment":[{"href":"https:\/\/www.vogtlandwandern.de\/neu2017\/wp-json\/wp\/v2\/media?parent=3573"}],"wp:term":[{"taxonomy":"category","embeddable":true,"href":"https:\/\/www.vogtlandwandern.de\/neu2017\/wp-json\/wp\/v2\/categories?post=3573"},{"taxonomy":"post_tag","embeddable":true,"href":"https:\/\/www.vogtlandwandern.de\/neu2017\/wp-json\/wp\/v2\/tags?post=3573"}],"curies":[{"name":"wp","href":"https:\/\/api.w.org\/{rel}","templated":true}]}}

Frühlingstreffen der Wanderer der Karlsbader Region

<p><strong>Titel:              <u>Frühlingstreffen der Wanderer der Karlsbader Region 2026</u></strong></p>
<p><strong>Termin:          Sa, 21.03.2026</strong></p>
<p><strong>Veranstalter:  </strong>Stadt Plesná und Klub českých turistů, odbor Union Cheb; E-Mail: <a href="mailto:infocentrum@mestoplesna.cz">infocentrum@mestoplesna.cz</a></p>
<p><strong>Strecken:      </strong>Auswahl aus mehreren Routen, 5–17 km oder individuell  <br /><strong>Start: </strong>            beliebig – Zielwanderung … aktuell unter <a href="http://www.vogtlandwandern.de">www.vogtlandwandern.de</a><br /><strong>8,5 km</strong> (geführt) mit dem Klingenthaler Wandersportverein ab Landwüst (Bushaltestelle) &#8211; Anreise mit dem Sonderbus ab Klingenthal nach Landwüst, Rückfahrt dann ab Plesna direkt nach Klingenthal<br /><strong>Ziel:                </strong> Gelände hinter dem Museum, 5. května 44, 35135 Plesná; GPS: 50.2195589N, 12.3467003E</p>
<p><strong>Hinweise:</strong>      Das örtliche Museum und die Galerie Tosta laden zur Besichtigung ein, Bewirtung und Live-Musik am Ziel; für die Teilnahme mit dem Klingenthaler Wandersportverein e.V. (siehe Kontakt des KWSV-Vereins, bzw. <a href="info@klingenthalerwandersportverein.de">info@klingenthalerwandersportverein.de</a> ) ist <strong>unbedingt eine Anmeldung</strong> erforderlich, weitere Strecken aktuell auf <a href="http://www.vogtlandwandern.de">www.vogtlandwandern.de</a></p>
<p>Ausschreibung &#8211; siehe Flyer: <img decoding="async" loading="lazy" class="alignnone size-medium wp-image-3734" src="https://www.vogtlandwandern.de/neu2017/wp-content/uploads/2025/11/CZ-D-Wandetreffen-in-Plesna-am-21.03.-210x300.jpg" alt="" width="210" height="300" /></p>

<p>Titel:              Frühlingstreffen der Wanderer der Karlsbader Region 2026 Termin:          Sa, 21.03.2026 Veranstalter:  Stadt Plesná und Klub českých turistů, odbor Union Cheb; E-Mail: infocentrum@mestoplesna.cz Strecken:      Auswahl aus mehreren Routen, 5–17 km oder individuell  Start:             beliebig – Zielwanderung … aktuell unter www.vogtlandwandern.de8,5 km (geführt) mit dem Klingenthaler Wandersportverein ab Landwüst (Bushaltestelle) &#8211; Anreise mit dem [&hellip;]</p>
