{"id":3597,"date":"2025-12-20T13:41:34","date_gmt":"2025-12-20T12:41:34","guid":{"rendered":"https:\/\/www.vogtlandwandern.de\/neu2017\/?post_type=event&#038;p=3597"},"modified":"2025-12-20T13:41:34","modified_gmt":"2025-12-20T12:41:34","slug":"aewb-24-graefenhainer-sportwanderung-rund-um-den-keulenberg-2","status":"publish","type":"event","link":"https:\/\/www.vogtlandwandern.de\/neu2017\/event\/aewb-24-graefenhainer-sportwanderung-rund-um-den-keulenberg-2\/","title":{"rendered":"\u00c4WB &#8211; 24. Gr\u00e4fenhainer Sportwanderung &#8222;Rund um den Keulenberg&#8220;"},"content":{"rendered":"<p><strong>Titel: \u00a0\u00a0\u00a0\u00a0\u00a0\u00a0\u00a0\u00a0\u00a0\u00a0\u00a0\u00a0\u00a0 <u>24. Gr\u00e4fenhainer Sportwanderung \u201eRund um den Keulenberg\u201c (\u00c4WB)<\/u><br \/>Termin:\u00a0 \u00a0 \u00a0 \u00a0 \u00a0 So, 14.06.2026<\/strong><\/p>\n<p><strong>Veranstalter:<\/strong>\u00a0 SG Gr\u00e4fenhain e.V., Egbert Nowak, Schulstra\u00dfe 1, 01936 K\u00f6nigsbr\u00fcck OT Gr\u00e4fenhain; Tel.: 035795 30476, <br \/>\u00a0\u00a0\u00a0\u00a0\u00a0\u00a0\u00a0\u00a0\u00a0\u00a0\u00a0\u00a0\u00a0\u00a0\u00a0\u00a0\u00a0\u00a0\u00a0\u00a0\u00a0\u00a0\u00a0 mobil: 0172 9436261, Fax: 035795 39936, E-Mail: <a href=\"mailto:HV-Nowak@t-online.de\">HV-Nowak@t-online.de<\/a><br \/><em>Start f\u00fcr die 100km-Tour beginnt am Sa, 13.06.2026, 17 Uhr\u00a0<\/em> \u00a0 \u00a0<\/p>\n<p><strong>Strecken:<br \/>5 km <\/strong>gef\u00fchrte Familientour und <strong>9 km <\/strong>gef\u00fchrt<br \/><strong><u>Auf den Spuren des Gr\u00e4fenhainer Wanderschuh\u00b4s:<br \/><\/u><\/strong><strong>15 km, 21 km, 31 km <\/strong>markiert: Gr\u00e4fenhain &#8211; Keulenberg &#8211; Gro\u00dfnaundorf &#8211; Friedersdorf &#8211; Oberlichtenau &#8211; Niederlichtenau &#8211; H\u00e4slich &#8211; Alte Poststra\u00dfe &#8211; Reichenau &#8211; Tiefental &#8211; Gr\u00e4fenhain<br \/><strong><br \/>Start am So, 14.06.2026<\/strong>: <br \/><strong>5 km und 9 km gef\u00fchrt, 9.30 Uhr<\/strong> Sportplatz Gr\u00e4fenhain<br \/><strong>14 km, 21 km, 31 km, 7.00 \u2013 10.00 Uhr<\/strong> Sportplatz Gr\u00e4fenhain<br \/><strong>Ziel am So, 14.06.2026 <\/strong>bis 17.00 Uhr Sportplatz Gr\u00e4fenhain<br \/><strong>Hinweise:<\/strong>\u00a0 \u00a0\u00a0\u00a0 erreichbar A 4 Ausfahrt Hermsdorf, B 97, S-Bahn Dresden \u2013 K\u00f6nigsbr\u00fcck, Shuttleverkehrt zwischen Bahnhof K\u00f6nigsbr\u00fcck und <br \/>\u00a0\u00a0\u00a0\u00a0\u00a0\u00a0\u00a0\u00a0\u00a0\u00a0\u00a0\u00a0\u00a0\u00a0\u00a0\u00a0\u00a0\u00a0\u00a0\u00a0\u00a0\u00a0 Sportplatz Gr\u00e4fenhain; \u00dcbernachtung \u00fcber Info K\u00f6nigsbr\u00fcck: Tel.: 035795 42555, Fax: 035795 39338; <br \/>\u00a0\u00a0\u00a0\u00a0\u00a0\u00a0\u00a0\u00a0\u00a0\u00a0\u00a0\u00a0\u00a0\u00a0\u00a0\u00a0\u00a0\u00a0\u00a0\u00a0\u00a0\u00a0 E-Mail: <a href=\"mailto:information@Koenigsbrueck.de\">information@Koenigsbrueck.de<\/a>, <br \/>\u00a0\u00a0\u00a0\u00a0\u00a0\u00a0\u00a0\u00a0\u00a0\u00a0\u00a0\u00a0\u00a0\u00a0\u00a0\u00a0\u00a0\u00a0\u00a0\u00a0\u00a0\u00a0 Parkpl\u00e4tze, Umkleide- und Duschm\u00f6glichkeiten vorhanden und Getr\u00e4nkeversorgung; <br \/>\u00a0 \u00a0 \u00a0 \u00a0 \u00a0 \u00a0 \u00a0 \u00a0 \u00a0 \u00a0 \u00a0 \u00a0WK von Sachsen 1:25 000 Bl. 35 wird empfohlen<\/p>\n","protected":false},"excerpt":{"rendered":"<p>Titel: \u00a0\u00a0\u00a0\u00a0\u00a0\u00a0\u00a0\u00a0\u00a0\u00a0\u00a0\u00a0\u00a0 24. Gr\u00e4fenhainer Sportwanderung \u201eRund um den Keulenberg\u201c (\u00c4WB)Termin:\u00a0 \u00a0 \u00a0 \u00a0 \u00a0 So, 14.06.2026 Veranstalter:\u00a0 SG Gr\u00e4fenhain e.V., Egbert Nowak, Schulstra\u00dfe 1, 01936 K\u00f6nigsbr\u00fcck OT Gr\u00e4fenhain; Tel.: 035795 30476, \u00a0\u00a0\u00a0\u00a0\u00a0\u00a0\u00a0\u00a0\u00a0\u00a0\u00a0\u00a0\u00a0\u00a0\u00a0\u00a0\u00a0\u00a0\u00a0\u00a0\u00a0\u00a0\u00a0 mobil: 0172 9436261, Fax: 035795 39936, E-Mail: HV-Nowak@t-online.deStart f\u00fcr die 100km-Tour beginnt am Sa, 13.06.2026, 17 Uhr\u00a0 \u00a0 \u00a0 Strecken:5 km gef\u00fchrte Familientour [&hellip;]<\/p>\n","protected":false},"author":2,"featured_media":0,"comment_status":"open","ping_status":"closed","template":"","categories":[],"tags":[],"_links":{"self":[{"href":"https:\/\/www.vogtlandwandern.de\/neu2017\/wp-json\/wp\/v2\/event\/3597"}],"collection":[{"href":"https:\/\/www.vogtlandwandern.de\/neu2017\/wp-json\/wp\/v2\/event"}],"about":[{"href":"https:\/\/www.vogtlandwandern.de\/neu2017\/wp-json\/wp\/v2\/types\/event"}],"author":[{"embeddable":true,"href":"https:\/\/www.vogtlandwandern.de\/neu2017\/wp-json\/wp\/v2\/users\/2"}],"replies":[{"embeddable":true,"href":"https:\/\/www.vogtlandwandern.de\/neu2017\/wp-json\/wp\/v2\/comments?post=3597"}],"version-history":[{"count":1,"href":"https:\/\/www.vogtlandwandern.de\/neu2017\/wp-json\/wp\/v2\/event\/3597\/revisions"}],"predecessor-version":[{"id":3598,"href":"https:\/\/www.vogtlandwandern.de\/neu2017\/wp-json\/wp\/v2\/event\/3597\/revisions\/3598"}],"wp:attachment":[{"href":"https:\/\/www.vogtlandwandern.de\/neu2017\/wp-json\/wp\/v2\/media?parent=3597"}],"wp:term":[{"taxonomy":"category","embeddable":true,"href":"https:\/\/www.vogtlandwandern.de\/neu2017\/wp-json\/wp\/v2\/categories?post=3597"},{"taxonomy":"post_tag","embeddable":true,"href":"https:\/\/www.vogtlandwandern.de\/neu2017\/wp-json\/wp\/v2\/tags?post=3597"}],"curies":[{"name":"wp","href":"https:\/\/api.w.org\/{rel}","templated":true}]}}

ÄWB &#8211; 24. Gräfenhainer Sportwanderung &#8222;Rund um den Keulenberg&#8220;

<p><strong>Titel:               <u>24. Gräfenhainer Sportwanderung „Rund um den Keulenberg“ (ÄWB)</u><br />Termin:          So, 14.06.2026</strong></p>
<p><strong>Veranstalter:</strong>  SG Gräfenhain e.V., Egbert Nowak, Schulstraße 1, 01936 Königsbrück OT Gräfenhain; Tel.: 035795 30476, <br />                        mobil: 0172 9436261, Fax: 035795 39936, E-Mail: <a href="mailto:HV-Nowak@t-online.de">HV-Nowak@t-online.de</a><br /><em>Start für die 100km-Tour beginnt am Sa, 13.06.2026, 17 Uhr </em>    </p>
<p><strong>Strecken:<br />5 km </strong>geführte Familientour und <strong>9 km </strong>geführt<br /><strong><u>Auf den Spuren des Gräfenhainer Wanderschuh´s:<br /></u></strong><strong>15 km, 21 km, 31 km </strong>markiert: Gräfenhain &#8211; Keulenberg &#8211; Großnaundorf &#8211; Friedersdorf &#8211; Oberlichtenau &#8211; Niederlichtenau &#8211; Häslich &#8211; Alte Poststraße &#8211; Reichenau &#8211; Tiefental &#8211; Gräfenhain<br /><strong><br />Start am So, 14.06.2026</strong>: <br /><strong>5 km und 9 km geführt, 9.30 Uhr</strong> Sportplatz Gräfenhain<br /><strong>14 km, 21 km, 31 km, 7.00 – 10.00 Uhr</strong> Sportplatz Gräfenhain<br /><strong>Ziel am So, 14.06.2026 </strong>bis 17.00 Uhr Sportplatz Gräfenhain<br /><strong>Hinweise:</strong>      erreichbar A 4 Ausfahrt Hermsdorf, B 97, S-Bahn Dresden – Königsbrück, Shuttleverkehrt zwischen Bahnhof Königsbrück und <br />                       Sportplatz Gräfenhain; Übernachtung über Info Königsbrück: Tel.: 035795 42555, Fax: 035795 39338; <br />                       E-Mail: <a href="mailto:information@Koenigsbrueck.de">information@Koenigsbrueck.de</a>, <br />                       Parkplätze, Umkleide- und Duschmöglichkeiten vorhanden und Getränkeversorgung; <br />                       WK von Sachsen 1:25 000 Bl. 35 wird empfohlen</p>

<p>Titel:               24. Gräfenhainer Sportwanderung „Rund um den Keulenberg“ (ÄWB)Termin:          So, 14.06.2026 Veranstalter:  SG Gräfenhain e.V., Egbert Nowak, Schulstraße 1, 01936 Königsbrück OT Gräfenhain; Tel.: 035795 30476,                         mobil: 0172 9436261, Fax: 035795 39936, E-Mail: HV-Nowak@t-online.deStart für die 100km-Tour beginnt am Sa, 13.06.2026, 17 Uhr      Strecken:5 km geführte Familientour [&hellip;]</p>
