{"id":3612,"date":"2025-12-21T08:43:13","date_gmt":"2025-12-21T07:43:13","guid":{"rendered":"https:\/\/www.vogtlandwandern.de\/neu2017\/?post_type=event&#038;p=3612"},"modified":"2025-12-21T08:43:13","modified_gmt":"2025-12-21T07:43:13","slug":"zwischen-den-jahren-2025-2","status":"publish","type":"event","link":"https:\/\/www.vogtlandwandern.de\/neu2017\/event\/zwischen-den-jahren-2025-2\/","title":{"rendered":"Falkensteiner Winterwanderung zwischen den Jahren"},"content":{"rendered":"<p><span style=\"color: #333333;\"><strong>Titel:\u00a0\u00a0\u00a0\u00a0\u00a0\u00a0 \u00a0\u00a0\u00a0\u00a0\u00a0\u00a0\u00a0 <u>Falkensteiner Winterwanderung zwischen den Jahren<\/u><\/strong><\/span><u><br \/><\/u><span style=\"color: #333333;\"><strong>Termin:<\/strong>\u00a0 \u00a0 \u00a0 \u00a0 \u00a0 <strong>Mo, 28.12.2026<\/strong><\/span><\/p>\n<p><strong>Veranstalter<\/strong>: Wanderfalken VSG Rodewisch e.V., Wanderleiter Gerhard Wattenbach, mobil: 0172 7952965, E-Mail: <a href=\"mailto:gerhard.wattenbach@t-online.de\">gerhard.wattenbach@t-online.de<\/a>\u00a0<\/p>\n<p><strong><span style=\"color: #ff0000;\">Achtung! &#8211; im Vogtl\u00e4ndischen Wanderkalender 2026 (Textform) sind versehentlich falschen Strecken abgedruckt<\/span><\/strong><\/p>\n<p><strong>Strecken:<br \/><\/strong><strong>12 km gef\u00fchrt: <\/strong>Tr\u00fctschler Oberschule<strong> \u2013 <\/strong>Dorfstadt <strong>\u2013<\/strong> Sanatorium \u2013 Kuhschnappelblick \u2013 Oberlauterbach Schulberg \u2013 denkmalgesch\u00fctztes Umgebindehaus \u2013 Rittergut Herrmann \u2013 Unget\u00fcms Teiche \u2013 Radweg ehemalige Bogenbr\u00fccke \u2013 Polnischer Michl \u2013 Kreisverkehr bei Koliba Imbiss \u2013 Ziel \u00a0\u00a0\u00a0\u00a0\u00a0\u00a0\u00a0<\/p>\n<p><strong>20 km gef\u00fchrt:\u00a0 <\/strong>wie\u00a0 12 km bis Kuhschnappelblick \u2013 Fronberg \u2013 Gr\u00fcner Platz \u2013 Marienstein \u2013 B\u00e4renteich \u2013 M\u00fchlteich \u2013 Rittergut Unterlauterbach \u2013 denkmalgesch\u00fctztes Umgebindehaus Oberlauterbach \u2013 Weiter wie 12 km bis Ziel<\/p>\n<p><strong>Start:<\/strong> \u00a0\u00a0 \u00a0\u00a0\u00a0\u00a0\u00a0\u00a0\u00a0\u00a0\u00a0 9.00 Uhr, an der Turnhalle der Wilhelm-Adolph-von-Tr\u00fctzschler-Oberschule Falkenstein<br \/><strong>Ziel:<\/strong> \u00a0\u00a0\u00a0\u00a0\u00a0\u00a0\u00a0\u00a0 \u00a0\u00a0\u00a0\u00a0\u00a0\u00a0wie Start<br \/><strong>Hinweis:<\/strong>\u00a0 \u00a0\u00a0\u00a0\u00a0\u00a0 Parkpl\u00e4tze vorhanden, Verpflegung incl.; <a href=\"https:\/\/www.komoot.com\/de-de\/collection\/3093410\/-zwischen-den-jahren-2026\">https:\/\/www.komoot.com\/de-de\/collection\/3093410\/-zwischen-den-jahren-2026<\/a><br \/>\u00a0 \u00a0 \u00a0 \u00a0 \u00a0 \u00a0 \u00a0 \u00a0 \u00a0<\/p>\n","protected":false},"excerpt":{"rendered":"<p>Titel:\u00a0\u00a0\u00a0\u00a0\u00a0\u00a0 \u00a0\u00a0\u00a0\u00a0\u00a0\u00a0\u00a0 Falkensteiner Winterwanderung zwischen den JahrenTermin:\u00a0 \u00a0 \u00a0 \u00a0 \u00a0 Mo, 28.12.2026 Veranstalter: Wanderfalken VSG Rodewisch e.V., Wanderleiter Gerhard Wattenbach, mobil: 0172 7952965, E-Mail: gerhard.wattenbach@t-online.de\u00a0 Achtung! &#8211; im Vogtl\u00e4ndischen Wanderkalender 2026 (Textform) sind versehentlich falschen Strecken abgedruckt Strecken:12 km gef\u00fchrt: Tr\u00fctschler Oberschule \u2013 Dorfstadt \u2013 Sanatorium \u2013 Kuhschnappelblick \u2013 Oberlauterbach Schulberg \u2013 denkmalgesch\u00fctztes Umgebindehaus [&hellip;]<\/p>\n","protected":false},"author":2,"featured_media":0,"comment_status":"open","ping_status":"closed","template":"","categories":[],"tags":[],"_links":{"self":[{"href":"https:\/\/www.vogtlandwandern.de\/neu2017\/wp-json\/wp\/v2\/event\/3612"}],"collection":[{"href":"https:\/\/www.vogtlandwandern.de\/neu2017\/wp-json\/wp\/v2\/event"}],"about":[{"href":"https:\/\/www.vogtlandwandern.de\/neu2017\/wp-json\/wp\/v2\/types\/event"}],"author":[{"embeddable":true,"href":"https:\/\/www.vogtlandwandern.de\/neu2017\/wp-json\/wp\/v2\/users\/2"}],"replies":[{"embeddable":true,"href":"https:\/\/www.vogtlandwandern.de\/neu2017\/wp-json\/wp\/v2\/comments?post=3612"}],"version-history":[{"count":1,"href":"https:\/\/www.vogtlandwandern.de\/neu2017\/wp-json\/wp\/v2\/event\/3612\/revisions"}],"predecessor-version":[{"id":3613,"href":"https:\/\/www.vogtlandwandern.de\/neu2017\/wp-json\/wp\/v2\/event\/3612\/revisions\/3613"}],"wp:attachment":[{"href":"https:\/\/www.vogtlandwandern.de\/neu2017\/wp-json\/wp\/v2\/media?parent=3612"}],"wp:term":[{"taxonomy":"category","embeddable":true,"href":"https:\/\/www.vogtlandwandern.de\/neu2017\/wp-json\/wp\/v2\/categories?post=3612"},{"taxonomy":"post_tag","embeddable":true,"href":"https:\/\/www.vogtlandwandern.de\/neu2017\/wp-json\/wp\/v2\/tags?post=3612"}],"curies":[{"name":"wp","href":"https:\/\/api.w.org\/{rel}","templated":true}]}}

<p><span style="color: #333333;"><strong>Titel:               <u>Falkensteiner Winterwanderung zwischen den Jahren</u></strong></span><u><br /></u><span style="color: #333333;"><strong>Termin:</strong>          <strong>Mo, 28.12.2026</strong></span></p>
<p><strong>Veranstalter</strong>: Wanderfalken VSG Rodewisch e.V., Wanderleiter Gerhard Wattenbach, mobil: 0172 7952965, E-Mail: <a href="mailto:gerhard.wattenbach@t-online.de">gerhard.wattenbach@t-online.de</a> </p>
<p><strong><span style="color: #ff0000;">Achtung! &#8211; im Vogtländischen Wanderkalender 2026 (Textform) sind versehentlich falschen Strecken abgedruckt</span></strong></p>
<p><strong>Strecken:<br /></strong><strong>12 km geführt: </strong>Trütschler Oberschule<strong> – </strong>Dorfstadt <strong>–</strong> Sanatorium – Kuhschnappelblick – Oberlauterbach Schulberg – denkmalgeschütztes Umgebindehaus – Rittergut Herrmann – Ungetüms Teiche – Radweg ehemalige Bogenbrücke – Polnischer Michl – Kreisverkehr bei Koliba Imbiss – Ziel        </p>
<p><strong>20 km geführt:  </strong>wie  12 km bis Kuhschnappelblick – Fronberg – Grüner Platz – Marienstein – Bärenteich – Mühlteich – Rittergut Unterlauterbach – denkmalgeschütztes Umgebindehaus Oberlauterbach – Weiter wie 12 km bis Ziel</p>
<p><strong>Start:</strong>              9.00 Uhr, an der Turnhalle der Wilhelm-Adolph-von-Trützschler-Oberschule Falkenstein<br /><strong>Ziel:</strong>                wie Start<br /><strong>Hinweis:</strong>        Parkplätze vorhanden, Verpflegung incl.; <a href="https://www.komoot.com/de-de/collection/3093410/-zwischen-den-jahren-2026">https://www.komoot.com/de-de/collection/3093410/-zwischen-den-jahren-2026</a><br />                 </p>

<p>Titel:               Falkensteiner Winterwanderung zwischen den JahrenTermin:          Mo, 28.12.2026 Veranstalter: Wanderfalken VSG Rodewisch e.V., Wanderleiter Gerhard Wattenbach, mobil: 0172 7952965, E-Mail: gerhard.wattenbach@t-online.de  Achtung! &#8211; im Vogtländischen Wanderkalender 2026 (Textform) sind versehentlich falschen Strecken abgedruckt Strecken:12 km geführt: Trütschler Oberschule – Dorfstadt – Sanatorium – Kuhschnappelblick – Oberlauterbach Schulberg – denkmalgeschütztes Umgebindehaus [&hellip;]</p>
