{"id":3618,"date":"2025-12-21T09:00:21","date_gmt":"2025-12-21T08:00:21","guid":{"rendered":"https:\/\/www.vogtlandwandern.de\/neu2017\/?post_type=event&#038;p=3618"},"modified":"2025-12-21T09:01:44","modified_gmt":"2025-12-21T08:01:44","slug":"wander-weihnacht-2026","status":"publish","type":"event","link":"https:\/\/www.vogtlandwandern.de\/neu2017\/event\/wander-weihnacht-2026\/","title":{"rendered":"Wander-Weihnacht 2026"},"content":{"rendered":"<p><strong>Titel:\u00a0 \u00a0\u00a0\u00a0\u00a0\u00a0\u00a0\u00a0\u00a0\u00a0\u00a0\u00a0\u00a0\u00a0 <u>Wanderweihnacht\u00a0 2026<br \/><\/u><\/strong><strong>Termin: \u00a0\u00a0\u00a0\u00a0\u00a0\u00a0\u00a0\u00a0\u00a0\u00a0 So, 29.11.2026 <\/strong>(1. Advent)<\/p>\n<p><strong>Veranstalter: <\/strong>\u00a0Wanderfalken VSG Rodewisch e.V., Wanderleiter Gerhard Wattenbach, mobil: 0172 7952965, E-Mail: <a href=\"mailto:gerhard.wattenbach@t-online.de\">gerhard.wattenbach@t-online.de<\/a>,<br \/><strong>Strecken:<\/strong>\u00a0<br \/><strong>6 km gef\u00fchrt:<\/strong> \u00dcber die M\u00e4rchenwiese nach Vogelsgr\u00fcn <br \/><strong>12 km gef\u00fchrt:<\/strong> Turnhalle \u2013 ehemalige Stra\u00dfe nach Sch\u00f6nheide \u2013 oberhalb Forstmeister \u2013 Knock \u2013 Tannenbachtal \u2013 Carolagr\u00fcn Stausee \u2013 unterhalb Laubberg \u2013Berghang \u2013 Ziel <br \/><strong>20 km gef\u00fchrt:<\/strong> Turnhalle \u2013 bis Forstmeister wie 12 km \u2013 Fuchsstein \u2013 Bahnhof Schmalspurbahn \u2013 Kirchsteig \u2013 Gie\u00dfereistra\u00dfe \u2013 Butterbergweg \u2013 Windischfelsen am Eibenstock Stausee \u2013 Friedhof Sch\u00f6nheide \u2013 Knock Tannenbachtal \u2013 Carolagr\u00fcn Stausee \u2013 unterhalb Laubberg \u2013 Berghang \u2013 Ziel<\/p>\n<p><strong>Start:<\/strong>\u00a0 \u00a0 \u00a0 \u00a0 \u00a0 \u00a0 \u00a0 \u00a09:00 Uhr, Turnhalle Schnarrtanne; Sch\u00f6nheider Stra\u00dfe 237; 08209 Auerbach \/ OT Schnarrtanne<br \/><strong>Hinweis:<\/strong> \u00a0\u00a0\u00a0\u00a0\u00a0\u00a0 Parkplatz vorhanden; unterwegs erwarten Moosmann und Weihnachtsmann alle kleinen und gro\u00dfen Wanderer an den VP bei hei\u00dfem Tee, Gl\u00fchwein und Stollen sowie kleinen \u00dcberraschungen!<br \/>\u00a0 \u00a0 \u00a0 \u00a0 \u00a0 \u00a0 \u00a0 \u00a0 \u00a0 \u00a0 \u00a0\u00a0<a href=\"https:\/\/www.komoot.com\/de-de\/collection\/3790226\/-wanderweihnacht-wanderfalken-rodewisch-2026\">https:\/\/www.komoot.com\/de-de\/collection\/3790226\/-wanderweihnacht-wanderfalken-rodewisch-2026<\/a><\/p>\n","protected":false},"excerpt":{"rendered":"<p>Titel:\u00a0 \u00a0\u00a0\u00a0\u00a0\u00a0\u00a0\u00a0\u00a0\u00a0\u00a0\u00a0\u00a0\u00a0 Wanderweihnacht\u00a0 2026Termin: \u00a0\u00a0\u00a0\u00a0\u00a0\u00a0\u00a0\u00a0\u00a0\u00a0 So, 29.11.2026 (1. Advent) Veranstalter: \u00a0Wanderfalken VSG Rodewisch e.V., Wanderleiter Gerhard Wattenbach, mobil: 0172 7952965, E-Mail: gerhard.wattenbach@t-online.de,Strecken:\u00a06 km gef\u00fchrt: \u00dcber die M\u00e4rchenwiese nach Vogelsgr\u00fcn 12 km gef\u00fchrt: Turnhalle \u2013 ehemalige Stra\u00dfe nach Sch\u00f6nheide \u2013 oberhalb Forstmeister \u2013 Knock \u2013 Tannenbachtal \u2013 Carolagr\u00fcn Stausee \u2013 unterhalb Laubberg \u2013Berghang \u2013 Ziel 20 [&hellip;]<\/p>\n","protected":false},"author":2,"featured_media":0,"comment_status":"open","ping_status":"closed","template":"","categories":[],"tags":[],"_links":{"self":[{"href":"https:\/\/www.vogtlandwandern.de\/neu2017\/wp-json\/wp\/v2\/event\/3618"}],"collection":[{"href":"https:\/\/www.vogtlandwandern.de\/neu2017\/wp-json\/wp\/v2\/event"}],"about":[{"href":"https:\/\/www.vogtlandwandern.de\/neu2017\/wp-json\/wp\/v2\/types\/event"}],"author":[{"embeddable":true,"href":"https:\/\/www.vogtlandwandern.de\/neu2017\/wp-json\/wp\/v2\/users\/2"}],"replies":[{"embeddable":true,"href":"https:\/\/www.vogtlandwandern.de\/neu2017\/wp-json\/wp\/v2\/comments?post=3618"}],"version-history":[{"count":2,"href":"https:\/\/www.vogtlandwandern.de\/neu2017\/wp-json\/wp\/v2\/event\/3618\/revisions"}],"predecessor-version":[{"id":3620,"href":"https:\/\/www.vogtlandwandern.de\/neu2017\/wp-json\/wp\/v2\/event\/3618\/revisions\/3620"}],"wp:attachment":[{"href":"https:\/\/www.vogtlandwandern.de\/neu2017\/wp-json\/wp\/v2\/media?parent=3618"}],"wp:term":[{"taxonomy":"category","embeddable":true,"href":"https:\/\/www.vogtlandwandern.de\/neu2017\/wp-json\/wp\/v2\/categories?post=3618"},{"taxonomy":"post_tag","embeddable":true,"href":"https:\/\/www.vogtlandwandern.de\/neu2017\/wp-json\/wp\/v2\/tags?post=3618"}],"curies":[{"name":"wp","href":"https:\/\/api.w.org\/{rel}","templated":true}]}}

<p><strong>Titel:                <u>Wanderweihnacht  2026<br /></u></strong><strong>Termin:            So, 29.11.2026 </strong>(1. Advent)</p>
<p><strong>Veranstalter: </strong> Wanderfalken VSG Rodewisch e.V., Wanderleiter Gerhard Wattenbach, mobil: 0172 7952965, E-Mail: <a href="mailto:gerhard.wattenbach@t-online.de">gerhard.wattenbach@t-online.de</a>,<br /><strong>Strecken:</strong> <br /><strong>6 km geführt:</strong> Über die Märchenwiese nach Vogelsgrün <br /><strong>12 km geführt:</strong> Turnhalle – ehemalige Straße nach Schönheide – oberhalb Forstmeister – Knock – Tannenbachtal – Carolagrün Stausee – unterhalb Laubberg –Berghang – Ziel <br /><strong>20 km geführt:</strong> Turnhalle – bis Forstmeister wie 12 km – Fuchsstein – Bahnhof Schmalspurbahn – Kirchsteig – Gießereistraße – Butterbergweg – Windischfelsen am Eibenstock Stausee – Friedhof Schönheide – Knock Tannenbachtal – Carolagrün Stausee – unterhalb Laubberg – Berghang – Ziel</p>
<p><strong>Start:</strong>               9:00 Uhr, Turnhalle Schnarrtanne; Schönheider Straße 237; 08209 Auerbach / OT Schnarrtanne<br /><strong>Hinweis:</strong>        Parkplatz vorhanden; unterwegs erwarten Moosmann und Weihnachtsmann alle kleinen und großen Wanderer an den VP bei heißem Tee, Glühwein und Stollen sowie kleinen Überraschungen!<br />                      <a href="https://www.komoot.com/de-de/collection/3790226/-wanderweihnacht-wanderfalken-rodewisch-2026">https://www.komoot.com/de-de/collection/3790226/-wanderweihnacht-wanderfalken-rodewisch-2026</a></p>

<p>Titel:                Wanderweihnacht  2026Termin:            So, 29.11.2026 (1. Advent) Veranstalter:  Wanderfalken VSG Rodewisch e.V., Wanderleiter Gerhard Wattenbach, mobil: 0172 7952965, E-Mail: gerhard.wattenbach@t-online.de,Strecken: 6 km geführt: Über die Märchenwiese nach Vogelsgrün 12 km geführt: Turnhalle – ehemalige Straße nach Schönheide – oberhalb Forstmeister – Knock – Tannenbachtal – Carolagrün Stausee – unterhalb Laubberg –Berghang – Ziel 20 [&hellip;]</p>
