{"id":3661,"date":"2025-12-23T14:23:57","date_gmt":"2025-12-23T13:23:57","guid":{"rendered":"https:\/\/www.vogtlandwandern.de\/neu2017\/?post_type=event&#038;p=3661"},"modified":"2025-12-23T14:23:57","modified_gmt":"2025-12-23T13:23:57","slug":"fruehlings-wanderung-alte-buchenwaelder-des-goldberges","status":"publish","type":"event","link":"https:\/\/www.vogtlandwandern.de\/neu2017\/event\/fruehlings-wanderung-alte-buchenwaelder-des-goldberges\/","title":{"rendered":"Fr\u00fchlings-Wanderung &#8222;Alte Buchenw\u00e4lder des Goldberges&#8220;"},"content":{"rendered":"<p><strong>Titel:<\/strong> \u00a0\u00a0\u00a0\u00a0\u00a0\u00a0\u00a0\u00a0\u00a0\u00a0\u00a0\u00a0\u00a0 <strong><u>Fr\u00fchlings-Wanderung &#8211; &#8222;Alte Buchenw\u00e4lder des Goldberges&#8220;<br \/><\/u><\/strong><strong><br \/>Termin:\u00a0 \u00a0 \u00a0 \u00a0 \u00a0 Di, 14.04.2026<br \/><\/strong><\/p>\n<p><strong>Veranstalter: <\/strong>Sachsenforst, Herr Paul Pietrock<br \/>\u00a0\u00a0\u00a0\u00a0\u00a0\u00a0\u00a0\u00a0\u00a0\u00a0\u00a0\u00a0\u00a0\u00a0\u00a0\u00a0\u00a0\u00a0\u00a0\u00a0\u00a0 \u00a0weitere Info \u00fcber: Luisa L\u00fcttschwager (Sachbearbeiterin \u00d6ffentlichkeitsarbeit Forstbezirk Adorf), <br \/>\u00a0\u00a0\u00a0\u00a0\u00a0\u00a0\u00a0\u00a0\u00a0\u00a0\u00a0\u00a0\u00a0\u00a0\u00a0\u00a0\u00a0\u00a0\u00a0\u00a0\u00a0\u00a0\u00a0 mobil: 0173 \/ 3717170; E-Mail: <a href=\"mailto:Luisa.Luettschwager@smekul.sachsen.de\">Luisa.Luettschwager@smekul.sachsen.de<\/a><\/p>\n<p><strong>Strecke<\/strong>:\u00a0 \u00a0 \u00a0 \u00a0 \u00a0<strong>4 km<\/strong> gef\u00fchrt<br \/><strong>Start:\u00a0\u00a0\u00a0\u00a0\u00a0\u00a0 \u00a0\u00a0\u00a0\u00a0\u00a0\u00a0 <\/strong>16.00 Uhr Parkplatz Sparkasse Vogtland-Arena<br \/><strong>Hinweis:<\/strong>\u00a0 \u00a0 \u00a0 \u00a0 im Naturschutzgebiet am Goldberg wird Wissenswertes zum Beitrag der Buchenw\u00e4lder f\u00fcr die \u00f6kologische Vielfalt im Wald <br \/>\u00a0 \u00a0 \u00a0 \u00a0 \u00a0 \u00a0 \u00a0 \u00a0 \u00a0 \u00a0 \u00a0 \u00a0vermittelt, ca. 2,0 Std.; <strong>Anmeldung bitte bis: 12.04.2026<\/strong><\/p>\n<p><strong>\u00a0<\/strong><\/p>\n<p><strong>Veranstalter<\/strong>: Sachsenforst, Herr David Neubert<br \/><strong>\u00a0\u00a0\u00a0\u00a0\u00a0\u00a0\u00a0\u00a0\u00a0\u00a0\u00a0\u00a0\u00a0\u00a0\u00a0\u00a0\u00a0\u00a0\u00a0\u00a0\u00a0\u00a0 <\/strong>weitere Info \u00fcber: David Neubert (Sachbearbeiter \u00d6ffentlichkeitsarbeit Forstbezirk Adorf), mobil: 01733717170; <br \/>\u00a0\u00a0\u00a0\u00a0\u00a0\u00a0\u00a0\u00a0\u00a0\u00a0\u00a0\u00a0\u00a0\u00a0\u00a0\u00a0\u00a0\u00a0\u00a0\u00a0\u00a0\u00a0 E-Mail: <a href=\"mailto:David.Neubert@smekul.sachsen.de\">David.Neubert@smekul.sachsen.de<\/a><br \/><strong>Strecke:\u00a0\u00a0\u00a0\u00a0 \u00a0\u00a0\u00a0 22 km<\/strong> gef\u00fchrte Montainbike-Tour<br \/><strong>Start<\/strong>:\u00a0\u00a0\u00a0\u00a0\u00a0 \u00a0\u00a0\u00a0\u00a0\u00a0\u00a0\u00a0 9:00 Uhr, ab \/ an K\u00e4rnerstr.1, 08261 Sch\u00f6neck (! bitte zentralen IFA-Parkplatz nutzen)<br \/><strong>Hinweise: \u00a0\u00a0\u00a0\u00a0 \u201e<\/strong>Fr\u00fchlingsspaziergang mit dem Sachsenforst\u201c &#8211; <a href=\"https:\/\/www.fruehlingsspaziergang.sachsen.de\/\">https:\/\/www.fruehlingsspaziergang.sachsen.de\/<\/a><br \/>\u00a0\u00a0\u00a0\u00a0\u00a0\u00a0\u00a0\u00a0\u00a0\u00a0\u00a0\u00a0\u00a0\u00a0\u00a0\u00a0\u00a0\u00a0\u00a0\u00a0 \u00a0 mit Fahrrad \/ Mountainbike &#8211; kaum asphaltierte Strecken; von Sch\u00f6neck \u00fcber Talsperre Muldenberg zum Schneckenstein und zur\u00fcck; <br \/>\u00a0\u00a0\u00a0\u00a0\u00a0\u00a0\u00a0\u00a0\u00a0\u00a0\u00a0\u00a0\u00a0\u00a0\u00a0\u00a0\u00a0\u00a0\u00a0\u00a0\u00a0\u00a0 mit wundersch\u00f6nem Panoramablick auf die vogtl. W\u00e4lder von den Halden in Schneckenstein<br \/>\u00a0\u00a0\u00a0\u00a0\u00a0\u00a0\u00a0\u00a0\u00a0\u00a0\u00a0\u00a0\u00a0\u00a0\u00a0\u00a0\u00a0\u00a0\u00a0\u00a0\u00a0\u00a0 Rucksackverpflegung; Tour \u00fcber ca. 3 Std.; Anmeldung &#8211; bitte bis 26.06.2025<\/p>\n","protected":false},"excerpt":{"rendered":"<p>Titel: \u00a0\u00a0\u00a0\u00a0\u00a0\u00a0\u00a0\u00a0\u00a0\u00a0\u00a0\u00a0\u00a0 Fr\u00fchlings-Wanderung &#8211; &#8222;Alte Buchenw\u00e4lder des Goldberges&#8220;Termin:\u00a0 \u00a0 \u00a0 \u00a0 \u00a0 Di, 14.04.2026 Veranstalter: Sachsenforst, Herr Paul Pietrock\u00a0\u00a0\u00a0\u00a0\u00a0\u00a0\u00a0\u00a0\u00a0\u00a0\u00a0\u00a0\u00a0\u00a0\u00a0\u00a0\u00a0\u00a0\u00a0\u00a0\u00a0 \u00a0weitere Info \u00fcber: Luisa L\u00fcttschwager (Sachbearbeiterin \u00d6ffentlichkeitsarbeit Forstbezirk Adorf), \u00a0\u00a0\u00a0\u00a0\u00a0\u00a0\u00a0\u00a0\u00a0\u00a0\u00a0\u00a0\u00a0\u00a0\u00a0\u00a0\u00a0\u00a0\u00a0\u00a0\u00a0\u00a0\u00a0 mobil: 0173 \/ 3717170; E-Mail: Luisa.Luettschwager@smekul.sachsen.de Strecke:\u00a0 \u00a0 \u00a0 \u00a0 \u00a04 km gef\u00fchrtStart:\u00a0\u00a0\u00a0\u00a0\u00a0\u00a0 \u00a0\u00a0\u00a0\u00a0\u00a0\u00a0 16.00 Uhr Parkplatz Sparkasse Vogtland-ArenaHinweis:\u00a0 \u00a0 \u00a0 \u00a0 im Naturschutzgebiet am Goldberg [&hellip;]<\/p>\n","protected":false},"author":2,"featured_media":0,"comment_status":"open","ping_status":"closed","template":"","categories":[],"tags":[],"_links":{"self":[{"href":"https:\/\/www.vogtlandwandern.de\/neu2017\/wp-json\/wp\/v2\/event\/3661"}],"collection":[{"href":"https:\/\/www.vogtlandwandern.de\/neu2017\/wp-json\/wp\/v2\/event"}],"about":[{"href":"https:\/\/www.vogtlandwandern.de\/neu2017\/wp-json\/wp\/v2\/types\/event"}],"author":[{"embeddable":true,"href":"https:\/\/www.vogtlandwandern.de\/neu2017\/wp-json\/wp\/v2\/users\/2"}],"replies":[{"embeddable":true,"href":"https:\/\/www.vogtlandwandern.de\/neu2017\/wp-json\/wp\/v2\/comments?post=3661"}],"version-history":[{"count":1,"href":"https:\/\/www.vogtlandwandern.de\/neu2017\/wp-json\/wp\/v2\/event\/3661\/revisions"}],"predecessor-version":[{"id":3662,"href":"https:\/\/www.vogtlandwandern.de\/neu2017\/wp-json\/wp\/v2\/event\/3661\/revisions\/3662"}],"wp:attachment":[{"href":"https:\/\/www.vogtlandwandern.de\/neu2017\/wp-json\/wp\/v2\/media?parent=3661"}],"wp:term":[{"taxonomy":"category","embeddable":true,"href":"https:\/\/www.vogtlandwandern.de\/neu2017\/wp-json\/wp\/v2\/categories?post=3661"},{"taxonomy":"post_tag","embeddable":true,"href":"https:\/\/www.vogtlandwandern.de\/neu2017\/wp-json\/wp\/v2\/tags?post=3661"}],"curies":[{"name":"wp","href":"https:\/\/api.w.org\/{rel}","templated":true}]}}

Frühlings-Wanderung &#8222;Alte Buchenwälder des Goldberges&#8220;

<p><strong>Titel:</strong>               <strong><u>Frühlings-Wanderung &#8211; &#8222;Alte Buchenwälder des Goldberges&#8220;<br /></u></strong><strong><br />Termin:          Di, 14.04.2026<br /></strong></p>
<p><strong>Veranstalter: </strong>Sachsenforst, Herr Paul Pietrock<br />                       weitere Info über: Luisa Lüttschwager (Sachbearbeiterin Öffentlichkeitsarbeit Forstbezirk Adorf), <br />                        mobil: 0173 / 3717170; E-Mail: <a href="mailto:Luisa.Luettschwager@smekul.sachsen.de">Luisa.Luettschwager@smekul.sachsen.de</a></p>
<p><strong>Strecke</strong>:         <strong>4 km</strong> geführt<br /><strong>Start:              </strong>16.00 Uhr Parkplatz Sparkasse Vogtland-Arena<br /><strong>Hinweis:</strong>        im Naturschutzgebiet am Goldberg wird Wissenswertes zum Beitrag der Buchenwälder für die ökologische Vielfalt im Wald <br />                       vermittelt, ca. 2,0 Std.; <strong>Anmeldung bitte bis: 12.04.2026</strong></p>
<p><strong> </strong></p>
<p><strong>Veranstalter</strong>: Sachsenforst, Herr David Neubert<br /><strong>                       </strong>weitere Info über: David Neubert (Sachbearbeiter Öffentlichkeitsarbeit Forstbezirk Adorf), mobil: 01733717170; <br />                       E-Mail: <a href="mailto:David.Neubert@smekul.sachsen.de">David.Neubert@smekul.sachsen.de</a><br /><strong>Strecke:         22 km</strong> geführte Montainbike-Tour<br /><strong>Start</strong>:              9:00 Uhr, ab / an Kärnerstr.1, 08261 Schöneck (! bitte zentralen IFA-Parkplatz nutzen)<br /><strong>Hinweise:      „</strong>Frühlingsspaziergang mit dem Sachsenforst“ &#8211; <a href="https://www.fruehlingsspaziergang.sachsen.de/">https://www.fruehlingsspaziergang.sachsen.de/</a><br />                       mit Fahrrad / Mountainbike &#8211; kaum asphaltierte Strecken; von Schöneck über Talsperre Muldenberg zum Schneckenstein und zurück; <br />                       mit wunderschönem Panoramablick auf die vogtl. Wälder von den Halden in Schneckenstein<br />                       Rucksackverpflegung; Tour über ca. 3 Std.; Anmeldung &#8211; bitte bis 26.06.2025</p>

<p>Titel:               Frühlings-Wanderung &#8211; &#8222;Alte Buchenwälder des Goldberges&#8220;Termin:          Di, 14.04.2026 Veranstalter: Sachsenforst, Herr Paul Pietrock                       weitere Info über: Luisa Lüttschwager (Sachbearbeiterin Öffentlichkeitsarbeit Forstbezirk Adorf),                         mobil: 0173 / 3717170; E-Mail: Luisa.Luettschwager@smekul.sachsen.de Strecke:         4 km geführtStart:              16.00 Uhr Parkplatz Sparkasse Vogtland-ArenaHinweis:        im Naturschutzgebiet am Goldberg [&hellip;]</p>
