{"id":3665,"date":"2025-12-23T14:35:19","date_gmt":"2025-12-23T13:35:19","guid":{"rendered":"https:\/\/www.vogtlandwandern.de\/neu2017\/?post_type=event&#038;p=3665"},"modified":"2025-12-23T14:35:19","modified_gmt":"2025-12-23T13:35:19","slug":"fruehlingswanderung-im-tal-der-landesgemeinde","status":"publish","type":"event","link":"https:\/\/www.vogtlandwandern.de\/neu2017\/event\/fruehlingswanderung-im-tal-der-landesgemeinde\/","title":{"rendered":"Fr\u00fchlings-Wanderung &#8222;&#8230; im Tal der Landesgemeinde&#8220;"},"content":{"rendered":"<p><strong>Titel:<\/strong> \u00a0\u00a0\u00a0\u00a0\u00a0\u00a0\u00a0\u00a0\u00a0\u00a0\u00a0\u00a0\u00a0 <strong><u>Fr\u00fchlings-Wanderung &#8211; &#8222;&#8230; im Tal der Landesgemeinde&#8220;<\/p>\n<p><\/u><\/strong><strong>Termin:\u00a0 \u00a0 \u00a0 \u00a0 \u00a0 Mo, 01.06.2026<br \/><\/strong><strong>Veranstalter: <\/strong>Sachsenforst, Herr Andreas Henke<br \/>\u00a0\u00a0\u00a0\u00a0\u00a0\u00a0\u00a0\u00a0\u00a0\u00a0\u00a0\u00a0\u00a0\u00a0\u00a0\u00a0\u00a0\u00a0\u00a0\u00a0\u00a0 \u00a0weitere Info \u00fcber: Luisa L\u00fcttschwager (Sachbearbeiterin \u00d6ffentlichkeitsarbeit Forstbezirk Adorf), <br \/>\u00a0\u00a0\u00a0\u00a0\u00a0\u00a0\u00a0\u00a0\u00a0\u00a0\u00a0\u00a0\u00a0\u00a0\u00a0\u00a0\u00a0\u00a0\u00a0\u00a0\u00a0\u00a0\u00a0 mobil: 0173 \/ 3717170; E-Mail: <a href=\"mailto:Luisa.Luettschwager@smekul.sachsen.de\">Luisa.Luettschwager@smekul.sachsen.de<\/a><\/p>\n<p><strong>Strecke<\/strong>:\u00a0\u00a0\u00a0\u00a0 \u00a0\u00a0\u00a0 <strong>6 km<\/strong> gef\u00fchrt<br \/><strong>Start:\u00a0\u00a0\u00a0\u00a0\u00a0\u00a0 \u00a0\u00a0\u00a0\u00a0\u00a0\u00a0 <\/strong>8.30 Uhr Parkplatz 2 Kinderheim Tannenm\u00fchle in Erlbach<br \/><strong>Hinweis:<\/strong> \u00a0\u00a0\u00a0\u00a0 \u00a0 im Forstrevier Erlbach wird Wissenswertes zum alten und bemerkenswerten Baumbestand und deren Wert f\u00fcr die Natur, wird<br \/>\u00a0 \u00a0 \u00a0 \u00a0 \u00a0 \u00a0 \u00a0 \u00a0 \u00a0 \u00a0 \u00a0 \u00a0im Tal der Landesgemeinde vermittelt, 3,5 Std.<br \/>\u00a0 \u00a0 \u00a0 \u00a0 \u00a0 \u00a0 \u00a0 \u00a0 \u00a0 \u00a0 \u00a0 \u00a0<strong>Anmeldung bitte bis: 29.05.2026<\/strong><\/p>\n","protected":false},"excerpt":{"rendered":"<p>Titel: \u00a0\u00a0\u00a0\u00a0\u00a0\u00a0\u00a0\u00a0\u00a0\u00a0\u00a0\u00a0\u00a0 Fr\u00fchlings-Wanderung &#8211; &#8222;&#8230; im Tal der Landesgemeinde&#8220; Termin:\u00a0 \u00a0 \u00a0 \u00a0 \u00a0 Mo, 01.06.2026Veranstalter: Sachsenforst, Herr Andreas Henke\u00a0\u00a0\u00a0\u00a0\u00a0\u00a0\u00a0\u00a0\u00a0\u00a0\u00a0\u00a0\u00a0\u00a0\u00a0\u00a0\u00a0\u00a0\u00a0\u00a0\u00a0 \u00a0weitere Info \u00fcber: Luisa L\u00fcttschwager (Sachbearbeiterin \u00d6ffentlichkeitsarbeit Forstbezirk Adorf), \u00a0\u00a0\u00a0\u00a0\u00a0\u00a0\u00a0\u00a0\u00a0\u00a0\u00a0\u00a0\u00a0\u00a0\u00a0\u00a0\u00a0\u00a0\u00a0\u00a0\u00a0\u00a0\u00a0 mobil: 0173 \/ 3717170; E-Mail: Luisa.Luettschwager@smekul.sachsen.de Strecke:\u00a0\u00a0\u00a0\u00a0 \u00a0\u00a0\u00a0 6 km gef\u00fchrtStart:\u00a0\u00a0\u00a0\u00a0\u00a0\u00a0 \u00a0\u00a0\u00a0\u00a0\u00a0\u00a0 8.30 Uhr Parkplatz 2 Kinderheim Tannenm\u00fchle in ErlbachHinweis: \u00a0\u00a0\u00a0\u00a0 \u00a0 im Forstrevier Erlbach [&hellip;]<\/p>\n","protected":false},"author":2,"featured_media":0,"comment_status":"open","ping_status":"closed","template":"","categories":[],"tags":[],"_links":{"self":[{"href":"https:\/\/www.vogtlandwandern.de\/neu2017\/wp-json\/wp\/v2\/event\/3665"}],"collection":[{"href":"https:\/\/www.vogtlandwandern.de\/neu2017\/wp-json\/wp\/v2\/event"}],"about":[{"href":"https:\/\/www.vogtlandwandern.de\/neu2017\/wp-json\/wp\/v2\/types\/event"}],"author":[{"embeddable":true,"href":"https:\/\/www.vogtlandwandern.de\/neu2017\/wp-json\/wp\/v2\/users\/2"}],"replies":[{"embeddable":true,"href":"https:\/\/www.vogtlandwandern.de\/neu2017\/wp-json\/wp\/v2\/comments?post=3665"}],"version-history":[{"count":1,"href":"https:\/\/www.vogtlandwandern.de\/neu2017\/wp-json\/wp\/v2\/event\/3665\/revisions"}],"predecessor-version":[{"id":3666,"href":"https:\/\/www.vogtlandwandern.de\/neu2017\/wp-json\/wp\/v2\/event\/3665\/revisions\/3666"}],"wp:attachment":[{"href":"https:\/\/www.vogtlandwandern.de\/neu2017\/wp-json\/wp\/v2\/media?parent=3665"}],"wp:term":[{"taxonomy":"category","embeddable":true,"href":"https:\/\/www.vogtlandwandern.de\/neu2017\/wp-json\/wp\/v2\/categories?post=3665"},{"taxonomy":"post_tag","embeddable":true,"href":"https:\/\/www.vogtlandwandern.de\/neu2017\/wp-json\/wp\/v2\/tags?post=3665"}],"curies":[{"name":"wp","href":"https:\/\/api.w.org\/{rel}","templated":true}]}}

Frühlings-Wanderung &#8222;&#8230; im Tal der Landesgemeinde&#8220;

<p><strong>Titel:</strong>               <strong><u>Frühlings-Wanderung &#8211; &#8222;&#8230; im Tal der Landesgemeinde&#8220;</p>
<p></u></strong><strong>Termin:          Mo, 01.06.2026<br /></strong><strong>Veranstalter: </strong>Sachsenforst, Herr Andreas Henke<br />                       weitere Info über: Luisa Lüttschwager (Sachbearbeiterin Öffentlichkeitsarbeit Forstbezirk Adorf), <br />                        mobil: 0173 / 3717170; E-Mail: <a href="mailto:Luisa.Luettschwager@smekul.sachsen.de">Luisa.Luettschwager@smekul.sachsen.de</a></p>
<p><strong>Strecke</strong>:         <strong>6 km</strong> geführt<br /><strong>Start:              </strong>8.30 Uhr Parkplatz 2 Kinderheim Tannenmühle in Erlbach<br /><strong>Hinweis:</strong>        im Forstrevier Erlbach wird Wissenswertes zum alten und bemerkenswerten Baumbestand und deren Wert für die Natur, wird<br />                       im Tal der Landesgemeinde vermittelt, 3,5 Std.<br />                       <strong>Anmeldung bitte bis: 29.05.2026</strong></p>

<p>Titel:               Frühlings-Wanderung &#8211; &#8222;&#8230; im Tal der Landesgemeinde&#8220; Termin:          Mo, 01.06.2026Veranstalter: Sachsenforst, Herr Andreas Henke                       weitere Info über: Luisa Lüttschwager (Sachbearbeiterin Öffentlichkeitsarbeit Forstbezirk Adorf),                         mobil: 0173 / 3717170; E-Mail: Luisa.Luettschwager@smekul.sachsen.de Strecke:         6 km geführtStart:              8.30 Uhr Parkplatz 2 Kinderheim Tannenmühle in ErlbachHinweis:        im Forstrevier Erlbach [&hellip;]</p>
